Last updated on 2018-07-17 01:47:23 CEST.
Flavor | Version | Tinstall | Tcheck | Ttotal | Status | Flags |
---|---|---|---|---|---|---|
r-devel-linux-x86_64-debian-clang | 0.7 | 1.63 | 17.35 | 18.98 | NOTE | |
r-devel-linux-x86_64-debian-gcc | 0.7 | 1.05 | 15.35 | 16.40 | NOTE | |
r-devel-linux-x86_64-fedora-clang | 0.7 | 23.85 | NOTE | |||
r-devel-linux-x86_64-fedora-gcc | 0.7 | 23.90 | NOTE | |||
r-devel-windows-ix86+x86_64 | 0.7 | 4.00 | 32.00 | 36.00 | NOTE | |
r-patched-linux-x86_64 | 0.7 | 1.70 | 18.38 | 20.08 | NOTE | |
r-patched-solaris-x86 | 0.7 | 36.30 | NOTE | |||
r-release-linux-x86_64 | 0.7 | 1.24 | 18.66 | 19.90 | NOTE | |
r-release-windows-ix86+x86_64 | 0.7 | 4.00 | 29.00 | 33.00 | NOTE | |
r-release-osx-x86_64 | 0.7 | NOTE | ||||
r-oldrel-windows-ix86+x86_64 | 0.7 | 2.00 | 42.00 | 44.00 | NOTE | |
r-oldrel-osx-x86_64 | 0.7 | NOTE |
Version: 0.7
Check: DESCRIPTION meta-information
Result: NOTE
Malformed Description field: should contain one or more complete sentences.
Flavors: r-devel-linux-x86_64-debian-clang, r-devel-linux-x86_64-debian-gcc, r-devel-linux-x86_64-fedora-clang, r-devel-linux-x86_64-fedora-gcc, r-devel-windows-ix86+x86_64, r-patched-linux-x86_64, r-patched-solaris-x86, r-release-linux-x86_64, r-release-windows-ix86+x86_64, r-release-osx-x86_64, r-oldrel-windows-ix86+x86_64, r-oldrel-osx-x86_64
Version: 0.7
Check: dependencies in R code
Result: NOTE
'library' or 'require' call to ‘foreign’ which was already attached by Depends.
Please remove these calls from your code.
Flavors: r-devel-linux-x86_64-debian-clang, r-devel-linux-x86_64-debian-gcc, r-devel-linux-x86_64-fedora-clang, r-devel-linux-x86_64-fedora-gcc, r-devel-windows-ix86+x86_64, r-patched-linux-x86_64, r-patched-solaris-x86, r-release-linux-x86_64, r-release-windows-ix86+x86_64, r-release-osx-x86_64, r-oldrel-windows-ix86+x86_64, r-oldrel-osx-x86_64