CRAN Package Check Results for Package signal

Last updated on 2018-07-17 01:47:23 CEST.

Flavor Version Tinstall Tcheck Ttotal Status Flags
r-devel-linux-x86_64-debian-clang 0.7-6 5.31 32.41 37.72 NOTE
r-devel-linux-x86_64-debian-gcc 0.7-6 3.00 27.84 30.84 NOTE
r-devel-linux-x86_64-fedora-clang 0.7-6 47.46 NOTE
r-devel-linux-x86_64-fedora-gcc 0.7-6 48.13 NOTE
r-devel-windows-ix86+x86_64 0.7-6 20.00 63.00 83.00 OK
r-patched-linux-x86_64 0.7-6 4.72 34.25 38.97 NOTE
r-patched-solaris-x86 0.7-6 67.50 OK
r-release-linux-x86_64 0.7-6 4.44 34.62 39.06 NOTE
r-release-windows-ix86+x86_64 0.7-6 14.00 73.00 87.00 OK
r-release-osx-x86_64 0.7-6 OK
r-oldrel-windows-ix86+x86_64 0.7-6 9.00 54.00 63.00 OK
r-oldrel-osx-x86_64 0.7-6 OK

Check Details

Version: 0.7-6
Check: compiled code
Result: NOTE
    File ‘signal/libs/signal.so’:
     Found no calls to: ‘R_registerRoutines’, ‘R_useDynamicSymbols’
    
    It is good practice to register native routines and to disable symbol
    search.
    
    See ‘Writing portable packages’ in the ‘Writing R Extensions’ manual.
Flavors: r-devel-linux-x86_64-debian-clang, r-devel-linux-x86_64-debian-gcc, r-devel-linux-x86_64-fedora-clang, r-devel-linux-x86_64-fedora-gcc, r-patched-linux-x86_64, r-release-linux-x86_64