CRAN Package Check Results for Package slowraker

Last updated on 2018-07-17 01:47:24 CEST.

Flavor Version Tinstall Tcheck Ttotal Status Flags
r-devel-linux-x86_64-debian-clang 0.1.1 0.92 80.99 81.91 OK
r-devel-linux-x86_64-debian-gcc 0.1.1 0.90 70.83 71.73 OK
r-devel-linux-x86_64-fedora-clang 0.1.1 93.54 NOTE
r-devel-linux-x86_64-fedora-gcc 0.1.1 90.05 NOTE
r-devel-windows-ix86+x86_64 0.1.1 5.00 89.00 94.00 OK
r-patched-linux-x86_64 0.1.1 0.71 84.38 85.09 OK
r-patched-solaris-x86 0.1.1 109.60 NOTE
r-release-linux-x86_64 0.1.1 1.08 86.18 87.26 OK
r-release-windows-ix86+x86_64 0.1.1 4.00 76.00 80.00 OK
r-release-osx-x86_64 0.1.1 NOTE
r-oldrel-windows-ix86+x86_64 0.1.1 3.00 83.00 86.00 OK
r-oldrel-osx-x86_64 0.1.1 NOTE

Check Details

Version: 0.1.1
Check: data for non-ASCII characters
Result: NOTE
     Note: found 2 marked Latin-1 strings
Flavors: r-devel-linux-x86_64-fedora-clang, r-devel-linux-x86_64-fedora-gcc, r-patched-solaris-x86, r-release-osx-x86_64, r-oldrel-osx-x86_64