Last updated on 2018-07-17 01:47:24 CEST.
Flavor | Version | Tinstall | Tcheck | Ttotal | Status | Flags |
---|---|---|---|---|---|---|
r-devel-linux-x86_64-debian-clang | 2.4 | 19.17 | 91.84 | 111.01 | NOTE | |
r-devel-linux-x86_64-debian-gcc | 2.4 | 18.31 | 84.03 | 102.34 | NOTE | |
r-devel-linux-x86_64-fedora-clang | 2.4 | 154.32 | NOTE | |||
r-devel-linux-x86_64-fedora-gcc | 2.4 | 151.85 | NOTE | |||
r-devel-windows-ix86+x86_64 | 2.4 | 56.00 | 205.00 | 261.00 | OK | |
r-patched-linux-x86_64 | 2.4 | 17.52 | 108.96 | 126.48 | NOTE | |
r-patched-solaris-x86 | 2.4 | 198.70 | OK | |||
r-release-linux-x86_64 | 2.4 | 19.48 | 109.83 | 129.31 | NOTE | |
r-release-windows-ix86+x86_64 | 2.4 | 57.00 | 185.00 | 242.00 | OK | |
r-release-osx-x86_64 | 2.4 | OK | ||||
r-oldrel-windows-ix86+x86_64 | 2.4 | 27.00 | 202.00 | 229.00 | OK | |
r-oldrel-osx-x86_64 | 2.4 | OK |
Version: 2.4
Check: compiled code
Result: NOTE
File ‘sna/libs/sna.so’:
Found no calls to: ‘R_registerRoutines’, ‘R_useDynamicSymbols’
It is good practice to register native routines and to disable symbol
search.
See ‘Writing portable packages’ in the ‘Writing R Extensions’ manual.
Flavors: r-devel-linux-x86_64-debian-clang, r-devel-linux-x86_64-debian-gcc, r-devel-linux-x86_64-fedora-clang, r-devel-linux-x86_64-fedora-gcc, r-patched-linux-x86_64, r-release-linux-x86_64