Last updated on 2018-07-17 01:47:24 CEST.
Flavor | Version | Tinstall | Tcheck | Ttotal | Status | Flags |
---|---|---|---|---|---|---|
r-devel-linux-x86_64-debian-clang | 2.4.35 | 126.50 | 130.52 | 257.02 | OK | |
r-devel-linux-x86_64-debian-gcc | 2.4.35 | 114.00 | 123.52 | 237.52 | OK | |
r-devel-linux-x86_64-fedora-clang | 2.4.35 | 371.47 | NOTE | |||
r-devel-linux-x86_64-fedora-gcc | 2.4.35 | 394.83 | OK | |||
r-devel-windows-ix86+x86_64 | 2.4.35 | 244.00 | 241.00 | 485.00 | OK | |
r-patched-linux-x86_64 | 2.4.35 | 131.71 | 148.38 | 280.09 | OK | |
r-patched-solaris-x86 | 2.4.35 | 364.30 | OK | |||
r-release-linux-x86_64 | 2.4.35 | 131.54 | 151.67 | 283.21 | OK | |
r-release-windows-ix86+x86_64 | 2.4.35 | 244.00 | 231.00 | 475.00 | OK | |
r-release-osx-x86_64 | 2.4.35 | NOTE | ||||
r-oldrel-windows-ix86+x86_64 | 2.4.35 | 190.00 | 172.00 | 362.00 | OK | |
r-oldrel-osx-x86_64 | 2.4.35 | NOTE |
Version: 2.4.35
Check: installed package size
Result: NOTE
installed size is 36.4Mb
sub-directories of 1Mb or more:
R 1.0Mb
libs 34.5Mb
Flavors: r-devel-linux-x86_64-fedora-clang, r-release-osx-x86_64, r-oldrel-osx-x86_64