CRAN Package Check Results for Package spatsurv

Last updated on 2018-07-17 01:47:25 CEST.

Flavor Version Tinstall Tcheck Ttotal Status Flags
r-devel-linux-x86_64-debian-clang 1.2 25.02 258.88 283.90 OK
r-devel-linux-x86_64-debian-gcc 1.2 23.81 234.16 257.97 OK
r-devel-linux-x86_64-fedora-clang 1.2 362.94 OK
r-devel-linux-x86_64-fedora-gcc 1.2 359.25 OK
r-devel-windows-ix86+x86_64 1.2 59.00 274.00 333.00 OK
r-patched-linux-x86_64 1.2 26.93 246.46 273.39 OK
r-patched-solaris-x86 1.2 483.90 OK
r-release-linux-x86_64 1.2 23.67 247.62 271.29 OK
r-release-windows-ix86+x86_64 1.2 55.00 320.00 375.00 WARN
r-release-osx-x86_64 1.2 OK
r-oldrel-windows-ix86+x86_64 1.2 27.00 233.00 260.00 OK
r-oldrel-osx-x86_64 1.2 WARN

Check Details

Version: 1.2
Check: whether package can be installed
Result: WARN
    Found the following significant warnings:
     Warning: S3 methods '[.fun_list', '[.grouped_df', 'all.equal.tbl_df', 'anti_join.data.frame', 'anti_join.tbl_df', 'arrange.data.frame', 'arrange.default', 'arrange.grouped_df', 'arrange.tbl_df', 'arrange_.data.frame', 'arrange_.tbl_df', 'as.data.frame.grouped_df', 'as.data.frame.rowwise_df', 'as.data.frame.tbl_cube', 'as.data.frame.tbl_df', 'as.table.tbl_cube', 'as.tbl.data.frame', 'as.tbl.tbl', 'as.tbl_cube.array', 'as.tbl_cube.data.frame', 'as.tbl_cube.matrix', 'as.tbl_cube.table', 'as_data_frame.grouped_df', 'as_data_frame.tbl_cube', 'auto_copy.tbl_cube', 'auto_copy.tbl_df', 'cbind.grouped_df', 'collapse.data.frame', 'collect.data.frame', 'common_by.NULL', 'common_by.character', 'common_by.default', 'common_by.list', 'compute.data.frame', 'copy_to.DBIConnection', 'copy_to.src_local', 'default_missing.data.frame', 'default_missing.default', 'dim.tbl_cube', 'distinct.data.frame', 'distinct.default', 'distinct.grouped_df', 'distinct.tbl_df', 'distinct_.data.frame', 'distinct_.grouped_df', 'dist [... truncated]
Flavor: r-release-windows-ix86+x86_64

Version: 1.2
Check: whether package can be installed
Result: WARN
    Found the following significant warnings:
     Warning: 'rgl_init' failed, running with rgl.useNULL = TRUE
Flavor: r-oldrel-osx-x86_64