Last updated on 2018-07-17 01:47:25 CEST.
Flavor | Version | Tinstall | Tcheck | Ttotal | Status | Flags |
---|---|---|---|---|---|---|
r-devel-linux-x86_64-debian-clang | 2.0.3 | 15.83 | 238.53 | 254.36 | NOTE | |
r-devel-linux-x86_64-debian-gcc | 2.0.3 | 16.39 | 209.09 | 225.48 | NOTE | |
r-devel-linux-x86_64-fedora-clang | 2.0.3 | 335.58 | NOTE | |||
r-devel-linux-x86_64-fedora-gcc | 2.0.3 | 324.27 | NOTE | |||
r-devel-windows-ix86+x86_64 | 2.0.3 | 98.00 | 354.00 | 452.00 | OK | |
r-patched-linux-x86_64 | 2.0.3 | 14.39 | 234.14 | 248.53 | NOTE | |
r-release-linux-x86_64 | 2.0.3 | 15.70 | 235.02 | 250.72 | NOTE | |
r-release-windows-ix86+x86_64 | 2.0.3 | 144.00 | 320.00 | 464.00 | NOTE | |
r-release-osx-x86_64 | 2.0.3 | ERROR | ||||
r-oldrel-windows-ix86+x86_64 | 2.0.3 | 60.00 | 234.00 | 294.00 | NOTE | |
r-oldrel-osx-x86_64 | 2.0.3 | ERROR |
Version: 2.0.3
Check: package dependencies
Result: NOTE
Package suggested but not available for checking: ‘rcytoscapejs’
Flavors: r-devel-linux-x86_64-debian-clang, r-devel-linux-x86_64-debian-gcc, r-devel-linux-x86_64-fedora-clang, r-devel-linux-x86_64-fedora-gcc, r-patched-linux-x86_64, r-release-linux-x86_64, r-release-windows-ix86+x86_64, r-oldrel-windows-ix86+x86_64
Version: 2.0.3
Check: package dependencies
Result: ERROR
Packages required but not available: ‘xcms’ ‘MAIT’
Package suggested but not available for checking: ‘rcytoscapejs’
See section ‘The DESCRIPTION file’ in the ‘Writing R Extensions’
manual.
Flavor: r-release-osx-x86_64
Version: 2.0.3
Check: package dependencies
Result: ERROR
Package required but not available: ‘MAIT’
Package suggested but not available for checking: ‘rcytoscapejs’
See section ‘The DESCRIPTION file’ in the ‘Writing R Extensions’
manual.
Flavor: r-oldrel-osx-x86_64