Last updated on 2018-07-17 01:47:25 CEST.
Flavor | Version | Tinstall | Tcheck | Ttotal | Status | Flags |
---|---|---|---|---|---|---|
r-devel-linux-x86_64-debian-clang | 1.0-3 | 17.96 | 36.73 | 54.69 | OK | |
r-devel-linux-x86_64-debian-gcc | 1.0-3 | 13.52 | 31.52 | 45.04 | OK | |
r-devel-linux-x86_64-fedora-clang | 1.0-3 | 72.23 | OK | |||
r-devel-linux-x86_64-fedora-gcc | 1.0-3 | 69.46 | OK | |||
r-devel-windows-ix86+x86_64 | 1.0-3 | 49.00 | 110.00 | 159.00 | OK | |
r-patched-linux-x86_64 | 1.0-3 | 18.39 | 37.07 | 55.46 | OK | |
r-patched-solaris-x86 | 1.0-3 | 92.80 | OK | |||
r-release-linux-x86_64 | 1.0-3 | 16.16 | 36.74 | 52.90 | OK | |
r-release-windows-ix86+x86_64 | 1.0-3 | 57.00 | 99.00 | 156.00 | OK | |
r-release-osx-x86_64 | 1.0-3 | OK | ||||
r-oldrel-windows-ix86+x86_64 | 1.0-3 | 42.00 | 72.00 | 114.00 | OK | |
r-oldrel-osx-x86_64 | 1.0-3 | NOTE |
Version: 1.0-3
Check: re-building of vignette outputs
Result: NOTE
Error in re-building vignettes:
...
Loading required package: spray
Attaching package: ‘spray’
The following objects are masked from ‘package:base’:
pmax, pmin
Error in texi2dvi(file = file, pdf = TRUE, clean = clean, quiet = quiet, :
Running 'texi2dvi' on 'spray.tex' failed.
LaTeX errors:
! LaTeX Error: File `dsfont.sty' not found.
Type X to quit or <RETURN> to proceed,
or enter new name. (Default extension: sty)
! Emergency stop.
<read *>
l.4 \usepackage
{bbm}^^M
! ==> Fatal error occurred, no output PDF file produced!
Calls: buildVignettes -> texi2pdf -> texi2dvi
Execution halted
Flavor: r-oldrel-osx-x86_64