CRAN Package Check Results for Package stable

Last updated on 2018-07-17 01:47:25 CEST.

Flavor Version Tinstall Tcheck Ttotal Status Flags
r-devel-linux-x86_64-debian-clang 1.1.3 2.71 23.50 26.21 OK
r-devel-linux-x86_64-debian-gcc 1.1.3 2.62 20.57 23.19 OK
r-devel-linux-x86_64-fedora-clang 1.1.3 33.63 NOTE
r-devel-linux-x86_64-fedora-gcc 1.1.3 32.33 NOTE
r-devel-windows-ix86+x86_64 1.1.3 12.00 50.00 62.00 OK
r-patched-linux-x86_64 1.1.3 2.93 25.49 28.42 OK
r-patched-solaris-x86 1.1.3 50.60 NOTE
r-release-linux-x86_64 1.1.3 3.12 25.31 28.43 OK
r-release-windows-ix86+x86_64 1.1.3 14.00 60.00 74.00 OK
r-release-osx-x86_64 1.1.3 NOTE
r-oldrel-windows-ix86+x86_64 1.1.3 6.00 61.00 67.00 OK
r-oldrel-osx-x86_64 1.1.3 NOTE

Check Details

Version: 1.1.3
Check: dependencies in R code
Result: NOTE
    Namespace in Imports field not imported from: ‘stabledist’
     All declared Imports should be used.
Flavors: r-devel-linux-x86_64-fedora-clang, r-devel-linux-x86_64-fedora-gcc, r-patched-solaris-x86, r-release-osx-x86_64, r-oldrel-osx-x86_64