Last updated on 2018-07-17 01:47:25 CEST.
Flavor | Version | Tinstall | Tcheck | Ttotal | Status | Flags |
---|---|---|---|---|---|---|
r-devel-linux-x86_64-debian-clang | 0.7-1 | 1.56 | 76.17 | 77.73 | OK | |
r-devel-linux-x86_64-debian-gcc | 0.7-1 | 1.06 | 61.68 | 62.74 | OK | |
r-devel-linux-x86_64-fedora-clang | 0.7-1 | 98.50 | OK | |||
r-devel-linux-x86_64-fedora-gcc | 0.7-1 | 95.88 | OK | |||
r-devel-windows-ix86+x86_64 | 0.7-1 | 5.00 | 105.00 | 110.00 | OK | |
r-patched-linux-x86_64 | 0.7-1 | 1.97 | 82.60 | 84.57 | OK | |
r-patched-solaris-x86 | 0.7-1 | 118.70 | OK | |||
r-release-linux-x86_64 | 0.7-1 | 1.26 | 82.13 | 83.39 | OK | |
r-release-windows-ix86+x86_64 | 0.7-1 | 4.00 | 123.00 | 127.00 | OK | |
r-release-osx-x86_64 | 0.7-1 | OK | ||||
r-oldrel-windows-ix86+x86_64 | 0.7-1 | 3.00 | 90.00 | 93.00 | OK | |
r-oldrel-osx-x86_64 | 0.7-1 | NOTE |
Version: 0.7-1
Check: package dependencies
Result: NOTE
Package suggested but not available for checking: ‘Rmpfr’
Flavor: r-oldrel-osx-x86_64