Last updated on 2018-07-17 01:47:26 CEST.
Flavor | Version | Tinstall | Tcheck | Ttotal | Status | Flags |
---|---|---|---|---|---|---|
r-devel-linux-x86_64-debian-clang | 1.3 | 1.41 | 30.00 | 31.41 | OK | |
r-devel-linux-x86_64-debian-gcc | 1.3 | 1.12 | 27.60 | 28.72 | OK | |
r-devel-linux-x86_64-fedora-clang | 1.3 | 41.48 | NOTE | |||
r-devel-linux-x86_64-fedora-gcc | 1.3 | 40.55 | NOTE | |||
r-devel-windows-ix86+x86_64 | 1.3 | 6.00 | 58.00 | 64.00 | OK | |
r-patched-linux-x86_64 | 1.3 | 1.44 | 32.50 | 33.94 | OK | |
r-patched-solaris-x86 | 1.3 | 61.90 | NOTE | |||
r-release-linux-x86_64 | 1.3 | 1.21 | 33.35 | 34.56 | OK | |
r-release-windows-ix86+x86_64 | 1.3 | 5.00 | 63.00 | 68.00 | OK | |
r-release-osx-x86_64 | 1.3 | NOTE | ||||
r-oldrel-windows-ix86+x86_64 | 1.3 | 4.00 | 63.00 | 67.00 | OK | |
r-oldrel-osx-x86_64 | 1.3 | NOTE |
Version: 1.3
Check: dependencies in R code
Result: NOTE
Namespaces in Imports field not imported from:
‘SnowballC’ ‘tm’
All declared Imports should be used.
Flavors: r-devel-linux-x86_64-fedora-clang, r-devel-linux-x86_64-fedora-gcc, r-patched-solaris-x86, r-release-osx-x86_64, r-oldrel-osx-x86_64