CRAN Package Check Results for Package stochvol

Last updated on 2018-07-17 01:47:26 CEST.

Flavor Version Tinstall Tcheck Ttotal Status Flags
r-devel-linux-x86_64-debian-clang 1.3.3 43.27 143.36 186.63 OK
r-devel-linux-x86_64-debian-gcc 1.3.3 32.39 115.66 148.05 OK
r-devel-linux-x86_64-fedora-clang 1.3.3 238.30 OK
r-devel-linux-x86_64-fedora-gcc 1.3.3 232.94 OK
r-devel-windows-ix86+x86_64 1.3.3 91.00 262.00 353.00 OK
r-patched-linux-x86_64 1.3.3 35.55 147.25 182.80 OK
r-patched-solaris-x86 1.3.3 344.00 OK
r-release-linux-x86_64 1.3.3 41.29 147.73 189.02 OK
r-release-windows-ix86+x86_64 1.3.3 98.00 266.00 364.00 OK
r-release-osx-x86_64 1.3.3 OK
r-oldrel-windows-ix86+x86_64 1.3.3 66.00 265.00 331.00 OK
r-oldrel-osx-x86_64 1.3.3 NOTE

Check Details

Version: 1.3.3
Check: re-building of vignette outputs
Result: NOTE
    Error in re-building vignettes:
     ...
    (/usr/local/texlive/2016basic/texmf-dist/tex/latex/amsmath/amstext.sty
    (/usr/local/texlive/2016basic/texmf-dist/tex/latex/amsmath/amsgen.sty))
    (/usr/local/texlive/2016basic/texmf-dist/tex/latex/amsmath/amsbsy.sty)
    (/usr/local/texlive/2016basic/texmf-dist/tex/latex/amsmath/amsopn.sty))
    (/usr/local/texlive/2016basic/texmf-dist/tex/latex/amsfonts/amssymb.sty
    (/usr/local/texlive/2016basic/texmf-dist/tex/latex/amsfonts/amsfonts.sty))
    (/usr/local/texlive/2016basic/texmf-dist/tex/latex/tools/bm.sty)
    
    ! LaTeX Error: File `tablefootnote.sty' not found.
    
    Type X to quit or <RETURN> to proceed,
    or enter new name. (Default extension: sty)
    
    Enter file name:
    ! Emergency stop.
    <read *>
    
    l.22 ^^M
    
    ! ==> Fatal error occurred, no output PDF file produced!
    Transcript written on article.log.
    make: *** [article.pdf] Error 1
    Error in buildVignettes(dir = "/Volumes/SSD-Data/Builds/R-dev-web/QA/Simon/packages/el-capitan-x86_64/results/3.4/stochvol.Rcheck/vign_test/stochvol") :
     running 'make' failed
    Execution halted
Flavor: r-oldrel-osx-x86_64