Last updated on 2018-07-17 01:47:26 CEST.
Flavor | Version | Tinstall | Tcheck | Ttotal | Status | Flags |
---|---|---|---|---|---|---|
r-devel-linux-x86_64-debian-clang | 1.2.0 | 5.13 | 33.97 | 39.10 | OK | |
r-devel-linux-x86_64-debian-gcc | 1.2.0 | 4.67 | 31.12 | 35.79 | OK | |
r-devel-linux-x86_64-fedora-clang | 1.2.0 | 51.59 | OK | |||
r-devel-linux-x86_64-fedora-gcc | 1.2.0 | 51.60 | OK | |||
r-devel-windows-ix86+x86_64 | 1.2.0 | 12.00 | 58.00 | 70.00 | OK | |
r-patched-linux-x86_64 | 1.2.0 | 4.90 | 37.59 | 42.49 | OK | |
r-patched-solaris-x86 | 1.2.0 | 73.40 | NOTE | |||
r-release-linux-x86_64 | 1.2.0 | 4.97 | 36.97 | 41.94 | OK | |
r-release-windows-ix86+x86_64 | 1.2.0 | 10.00 | 98.00 | 108.00 | OK | |
r-release-osx-x86_64 | 1.2.0 | OK | ||||
r-oldrel-windows-ix86+x86_64 | 1.2.0 | 3.00 | 92.00 | 95.00 | OK | |
r-oldrel-osx-x86_64 | 1.2.0 | OK |
Version: 1.2.0
Check: package dependencies
Result: NOTE
Package suggested but not available for checking: ‘RPostgres’
Flavor: r-patched-solaris-x86