CRAN Package Check Results for Package strategicplayers

Last updated on 2018-07-17 01:47:26 CEST.

Flavor Version Tinstall Tcheck Ttotal Status Flags
r-devel-linux-x86_64-debian-clang 1.0 0.98 16.16 17.14 OK
r-devel-linux-x86_64-debian-gcc 1.0 0.77 14.70 15.47 OK
r-devel-linux-x86_64-fedora-clang 1.0 22.50 NOTE
r-devel-linux-x86_64-fedora-gcc 1.0 20.92 NOTE
r-devel-windows-ix86+x86_64 1.0 3.00 39.00 42.00 OK
r-patched-linux-x86_64 1.0 0.94 17.64 18.58 OK
r-patched-solaris-x86 1.0 37.30 NOTE
r-release-linux-x86_64 1.0 0.71 17.05 17.76 OK
r-release-windows-ix86+x86_64 1.0 4.00 41.00 45.00 OK
r-release-osx-x86_64 1.0 NOTE
r-oldrel-windows-ix86+x86_64 1.0 2.00 38.00 40.00 OK
r-oldrel-osx-x86_64 1.0 NOTE

Check Details

Version: 1.0
Check: dependencies in R code
Result: NOTE
    Namespace in Imports field not imported from: ‘sna’
     All declared Imports should be used.
Flavors: r-devel-linux-x86_64-fedora-clang, r-devel-linux-x86_64-fedora-gcc, r-patched-solaris-x86, r-release-osx-x86_64, r-oldrel-osx-x86_64