CRAN Package Check Results for Package stream

Last updated on 2018-07-17 01:47:26 CEST.

Flavor Version Tinstall Tcheck Ttotal Status Flags
r-devel-linux-x86_64-debian-clang 1.3-0 104.14 151.02 255.16 WARN
r-devel-linux-x86_64-debian-gcc 1.3-0 88.87 129.26 218.13 OK
r-devel-linux-x86_64-fedora-clang 1.3-0 359.52 WARN
r-devel-linux-x86_64-fedora-gcc 1.3-0 348.14 OK
r-devel-windows-ix86+x86_64 1.3-0 296.00 335.00 631.00 OK
r-patched-linux-x86_64 1.3-0 109.83 149.08 258.91 OK
r-patched-solaris-x86 1.3-0 366.10 OK
r-release-linux-x86_64 1.3-0 107.03 146.98 254.01 OK
r-release-windows-ix86+x86_64 1.3-0 313.00 338.00 651.00 OK
r-release-osx-x86_64 1.3-0 WARN
r-oldrel-windows-ix86+x86_64 1.3-0 220.00 216.00 436.00 OK
r-oldrel-osx-x86_64 1.3-0 NOTE

Check Details

Version: 1.3-0
Check: whether package can be installed
Result: WARN
    Found the following significant warnings:
     BIRCH/CFTree.cpp:18:6: warning: 'this' pointer cannot be null in well-defined C++ code; comparison may be assumed to always evaluate to true [-Wtautological-undefined-compare]
Flavors: r-devel-linux-x86_64-debian-clang, r-devel-linux-x86_64-fedora-clang, r-release-osx-x86_64

Version: 1.3-0
Check: installed package size
Result: NOTE
     installed size is 11.3Mb
     sub-directories of 1Mb or more:
     doc 1.6Mb
     libs 9.0Mb
Flavors: r-devel-linux-x86_64-fedora-clang, r-release-osx-x86_64, r-oldrel-osx-x86_64