CRAN Package Check Results for Package stringi

Last updated on 2018-07-17 01:47:26 CEST.

Flavor Version Tinstall Tcheck Ttotal Status Flags
r-devel-linux-x86_64-debian-clang 1.2.3 86.94 42.75 129.69 OK
r-devel-linux-x86_64-debian-gcc 1.2.3 60.13 37.54 97.67 OK
r-devel-linux-x86_64-fedora-clang 1.2.3 216.22 NOTE
r-devel-linux-x86_64-fedora-gcc 1.2.3 167.92 OK
r-devel-windows-ix86+x86_64 1.2.3 1588.00 112.00 1700.00 NOTE
r-patched-linux-x86_64 1.2.3 84.70 45.36 130.06 OK
r-patched-solaris-x86 1.2.3 630.40 NOTE
r-release-linux-x86_64 1.2.3 84.37 45.28 129.65 OK
r-release-windows-ix86+x86_64 1.2.3 1192.00 8.00 1200.00 ERROR
r-release-osx-x86_64 1.2.3 NOTE
r-oldrel-windows-ix86+x86_64 1.2.3 839.00 4.00 843.00 ERROR
r-oldrel-osx-x86_64 1.2.3 NOTE

Additional issues

rchk

Check Details

Version: 1.2.3
Check: installed package size
Result: NOTE
     installed size is 5.8Mb
     sub-directories of 1Mb or more:
     libs 5.1Mb
Flavors: r-devel-linux-x86_64-fedora-clang, r-devel-windows-ix86+x86_64, r-patched-solaris-x86, r-release-osx-x86_64, r-oldrel-osx-x86_64

Version: 1.2.3
Check: whether package can be installed
Result: ERROR
    Installation failed.
Flavors: r-release-windows-ix86+x86_64, r-oldrel-windows-ix86+x86_64