CRAN Package Check Results for Package supc

Last updated on 2018-07-17 01:47:26 CEST.

Flavor Version Tinstall Tcheck Ttotal Status Flags
r-devel-linux-x86_64-debian-clang 0.1 23.88 27.31 51.19 NOTE
r-devel-linux-x86_64-debian-gcc 0.1 19.87 25.11 44.98 NOTE
r-devel-linux-x86_64-fedora-clang 0.1 75.32 NOTE
r-devel-linux-x86_64-fedora-gcc 0.1 71.08 NOTE
r-devel-windows-ix86+x86_64 0.1 87.00 83.00 170.00 NOTE
r-patched-linux-x86_64 0.1 25.74 29.12 54.86 NOTE
r-patched-solaris-x86 0.1 87.70 NOTE
r-release-linux-x86_64 0.1 26.25 29.36 55.61 NOTE
r-release-windows-ix86+x86_64 0.1 83.00 87.00 170.00 NOTE
r-release-osx-x86_64 0.1 NOTE
r-oldrel-windows-ix86+x86_64 0.1 64.00 85.00 149.00 NOTE
r-oldrel-osx-x86_64 0.1 NOTE

Check Details

Version: 0.1
Check: package dependencies
Result: NOTE
    Package which this enhances but not available for checking: ‘gputools’
Flavors: r-devel-linux-x86_64-debian-clang, r-devel-linux-x86_64-debian-gcc, r-devel-linux-x86_64-fedora-clang, r-devel-linux-x86_64-fedora-gcc, r-devel-windows-ix86+x86_64, r-patched-linux-x86_64, r-patched-solaris-x86, r-release-linux-x86_64, r-release-windows-ix86+x86_64, r-release-osx-x86_64, r-oldrel-windows-ix86+x86_64, r-oldrel-osx-x86_64