CRAN Package Check Results for Package survSNP

Last updated on 2018-07-17 01:47:26 CEST.

Flavor Version Tinstall Tcheck Ttotal Status Flags
r-devel-linux-x86_64-debian-clang 0.24 13.20 109.39 122.59 NOTE
r-devel-linux-x86_64-debian-gcc 0.24 11.52 98.56 110.08 NOTE
r-devel-linux-x86_64-fedora-clang 0.24 167.82 NOTE
r-devel-linux-x86_64-fedora-gcc 0.24 164.99 NOTE
r-devel-windows-ix86+x86_64 0.24 34.00 176.00 210.00 OK
r-patched-linux-x86_64 0.24 12.67 116.29 128.96 NOTE
r-patched-solaris-x86 0.24 223.90 OK
r-release-linux-x86_64 0.24 12.98 115.28 128.26 NOTE
r-release-windows-ix86+x86_64 0.24 33.00 210.00 243.00 OK
r-release-osx-x86_64 0.24 OK
r-oldrel-windows-ix86+x86_64 0.24 25.00 160.00 185.00 OK
r-oldrel-osx-x86_64 0.24 OK

Check Details

Version: 0.24
Check: compiled code
Result: NOTE
    File ‘survSNP/libs/survSNP.so’:
     Found no calls to: ‘R_registerRoutines’, ‘R_useDynamicSymbols’
    
    It is good practice to register native routines and to disable symbol
    search.
    
    See ‘Writing portable packages’ in the ‘Writing R Extensions’ manual.
Flavors: r-devel-linux-x86_64-debian-clang, r-devel-linux-x86_64-debian-gcc, r-devel-linux-x86_64-fedora-clang, r-devel-linux-x86_64-fedora-gcc, r-patched-linux-x86_64, r-release-linux-x86_64