CRAN Package Check Results for Package surveybootstrap

Last updated on 2018-07-17 01:47:26 CEST.

Flavor Version Tinstall Tcheck Ttotal Status Flags
r-devel-linux-x86_64-debian-clang 0.0.1 22.90 95.15 118.05 NOTE
r-devel-linux-x86_64-debian-gcc 0.0.1 22.65 88.56 111.21 NOTE
r-devel-linux-x86_64-fedora-clang 0.0.1 170.82 NOTE
r-devel-linux-x86_64-fedora-gcc 0.0.1 167.60 NOTE
r-devel-windows-ix86+x86_64 0.0.1 64.00 197.00 261.00 OK
r-patched-linux-x86_64 0.0.1 25.89 113.82 139.71 NOTE
r-patched-solaris-x86 0.0.1 190.10 OK
r-release-linux-x86_64 0.0.1 27.16 113.67 140.83 NOTE
r-release-windows-ix86+x86_64 0.0.1 63.00 291.00 354.00 OK
r-release-osx-x86_64 0.0.1 OK
r-oldrel-windows-ix86+x86_64 0.0.1 41.00 208.00 249.00 OK
r-oldrel-osx-x86_64 0.0.1 OK

Check Details

Version: 0.0.1
Check: compiled code
Result: NOTE
    File ‘surveybootstrap/libs/surveybootstrap.so’:
     Found no calls to: ‘R_registerRoutines’, ‘R_useDynamicSymbols’
    
    It is good practice to register native routines and to disable symbol
    search.
    
    See ‘Writing portable packages’ in the ‘Writing R Extensions’ manual.
Flavors: r-devel-linux-x86_64-debian-clang, r-devel-linux-x86_64-debian-gcc, r-devel-linux-x86_64-fedora-clang, r-devel-linux-x86_64-fedora-gcc, r-patched-linux-x86_64, r-release-linux-x86_64