CRAN Package Check Results for Package synthpop

Last updated on 2018-07-17 01:47:26 CEST.

Flavor Version Tinstall Tcheck Ttotal Status Flags
r-devel-linux-x86_64-debian-clang 1.4-4 10.44 209.28 219.72 OK
r-devel-linux-x86_64-debian-gcc 1.4-4 10.19 176.31 186.50 OK
r-devel-linux-x86_64-fedora-clang 1.4-4 291.07 OK
r-devel-linux-x86_64-fedora-gcc 1.4-4 282.92 OK
r-devel-windows-ix86+x86_64 1.4-4 27.00 258.00 285.00 WARN
r-patched-linux-x86_64 1.4-4 8.91 216.68 225.59 OK
r-patched-solaris-x86 1.4-4 433.40 OK
r-release-linux-x86_64 1.4-4 10.84 217.42 228.26 OK
r-release-windows-ix86+x86_64 1.4-4 26.00 344.00 370.00 WARN
r-release-osx-x86_64 1.4-4 OK
r-oldrel-windows-ix86+x86_64 1.4-4 12.00 269.00 281.00 OK
r-oldrel-osx-x86_64 1.4-4 OK

Check Details

Version: 1.4-4
Check: whether package can be installed
Result: WARN
    Found the following significant warnings:
     Warning: S3 methods '[.fun_list', '[.grouped_df', 'all.equal.tbl_df', 'anti_join.data.frame', 'anti_join.tbl_df', 'arrange.data.frame', 'arrange.default', 'arrange.grouped_df', 'arrange.tbl_df', 'arrange_.data.frame', 'arrange_.tbl_df', 'as.data.frame.grouped_df', 'as.data.frame.rowwise_df', 'as.data.frame.tbl_cube', 'as.data.frame.tbl_df', 'as.table.tbl_cube', 'as.tbl.data.frame', 'as.tbl.tbl', 'as.tbl_cube.array', 'as.tbl_cube.data.frame', 'as.tbl_cube.matrix', 'as.tbl_cube.table', 'as_data_frame.grouped_df', 'as_data_frame.tbl_cube', 'auto_copy.tbl_cube', 'auto_copy.tbl_df', 'cbind.grouped_df', 'collapse.data.frame', 'collect.data.frame', 'common_by.NULL', 'common_by.character', 'common_by.default', 'common_by.list', 'compute.data.frame', 'copy_to.DBIConnection', 'copy_to.src_local', 'default_missing.data.frame', 'default_missing.default', 'dim.tbl_cube', 'distinct.data.frame', 'distinct.default', 'distinct.grouped_df', 'distinct.tbl_df', 'distinct_.data.frame', 'distinct_.grouped_df', 'dist [... truncated]
Flavor: r-devel-windows-ix86+x86_64

Version: 1.4-4
Check: re-building of vignette outputs
Result: WARN
    Error in re-building vignettes:
     ...
    Loading required package: lattice
    Loading required package: MASS
    Loading required package: nnet
    Loading required package: ggplot2
    Warning in system(paste(shQuote(texi2dvi), if (quiet) "--quiet" else "", :
     running command '"D:\compiler\texmf\miktex\bin\texify.exe" --quiet --pdf "synthpop.tex" --max-iterations=20 -I "D:/RCompile/recent/R-3.5.1/share/texmf/tex/latex" -I "D:/RCompile/recent/R-3.5.1/share/texmf/bibtex/bst"' had status 1
    Error in find_vignette_product(name, by = "texi2pdf", engine = engine) :
     Failed to locate the 'texi2pdf' output file (by engine 'utils::Sweave') for vignette with name 'synthpop'. The following files exist in directory '.': 'Figure1inference.pdf', 'Figure1ls.pdf', 'Figure2income.pdf', 'Figure3Z.pdf', 'Rplots.pdf', 'inference.Rnw', 'inference.aux', 'inference.bbl', 'inference.bib', 'inference.blg', 'inference.log', 'inference.out', 'inference.pdf', 'inference.tex', 'synthpop.Rnw', 'synthpop.bib', 'synthpop.tex'
    Calls: buildVignettes -> find_vignette_product
    Execution halted
Flavor: r-release-windows-ix86+x86_64