CRAN Package Check Results for Package tagcloud

Last updated on 2018-07-17 01:47:26 CEST.

Flavor Version Tinstall Tcheck Ttotal Status Flags
r-devel-linux-x86_64-debian-clang 0.6 15.98 32.80 48.78 NOTE
r-devel-linux-x86_64-debian-gcc 0.6 13.09 29.67 42.76 NOTE
r-devel-linux-x86_64-fedora-clang 0.6 71.67 NOTE
r-devel-linux-x86_64-fedora-gcc 0.6 69.90 NOTE
r-devel-windows-ix86+x86_64 0.6 53.00 84.00 137.00 OK
r-patched-linux-x86_64 0.6 18.59 36.63 55.22 NOTE
r-patched-solaris-x86 0.6 87.80 OK
r-release-linux-x86_64 0.6 16.83 35.15 51.98 NOTE
r-release-windows-ix86+x86_64 0.6 52.00 100.00 152.00 OK
r-release-osx-x86_64 0.6 OK
r-oldrel-windows-ix86+x86_64 0.6 34.00 96.00 130.00 OK
r-oldrel-osx-x86_64 0.6 OK

Check Details

Version: 0.6
Check: compiled code
Result: NOTE
    File ‘tagcloud/libs/tagcloud.so’:
     Found no calls to: ‘R_registerRoutines’, ‘R_useDynamicSymbols’
    
    It is good practice to register native routines and to disable symbol
    search.
    
    See ‘Writing portable packages’ in the ‘Writing R Extensions’ manual.
Flavors: r-devel-linux-x86_64-debian-clang, r-devel-linux-x86_64-debian-gcc, r-devel-linux-x86_64-fedora-clang, r-devel-linux-x86_64-fedora-gcc, r-patched-linux-x86_64, r-release-linux-x86_64