CRAN Package Check Results for Package taxlist

Last updated on 2018-07-17 01:47:27 CEST.

Flavor Version Tinstall Tcheck Ttotal Status Flags
r-devel-linux-x86_64-debian-clang 0.1.5 6.80 56.81 63.61 OK
r-devel-linux-x86_64-debian-gcc 0.1.5 5.45 48.99 54.44 OK
r-devel-linux-x86_64-fedora-clang 0.1.5 86.31 NOTE
r-devel-linux-x86_64-fedora-gcc 0.1.5 76.81 NOTE
r-devel-windows-ix86+x86_64 0.1.5 17.00 82.00 99.00 OK
r-patched-linux-x86_64 0.1.5 7.02 55.15 62.17 OK
r-patched-solaris-x86 0.1.5 97.00 NOTE
r-release-linux-x86_64 0.1.5 6.13 54.48 60.61 OK
r-release-windows-ix86+x86_64 0.1.5 17.00 107.00 124.00 OK
r-release-osx-x86_64 0.1.5 NOTE
r-oldrel-windows-ix86+x86_64 0.1.5 11.00 119.00 130.00 OK
r-oldrel-osx-x86_64 0.1.5 NOTE

Check Details

Version: 0.1.5
Check: dependencies in R code
Result: NOTE
    Namespace in Imports field not imported from: ‘grDevices’
     All declared Imports should be used.
Flavors: r-devel-linux-x86_64-fedora-clang, r-devel-linux-x86_64-fedora-gcc, r-patched-solaris-x86, r-release-osx-x86_64, r-oldrel-osx-x86_64

Version: 0.1.5
Check: data for non-ASCII characters
Result: NOTE
     Note: found 97 marked UTF-8 strings
Flavors: r-devel-linux-x86_64-fedora-clang, r-devel-linux-x86_64-fedora-gcc, r-patched-solaris-x86, r-release-osx-x86_64, r-oldrel-osx-x86_64