Last updated on 2018-07-17 01:47:27 CEST.
Flavor | Version | Tinstall | Tcheck | Ttotal | Status | Flags |
---|---|---|---|---|---|---|
r-devel-linux-x86_64-debian-clang | 1.2-11 | 4.34 | 29.26 | 33.60 | NOTE | |
r-devel-linux-x86_64-debian-gcc | 1.2-11 | 2.91 | 25.51 | 28.42 | NOTE | |
r-devel-linux-x86_64-fedora-clang | 1.2-11 | 43.78 | NOTE | |||
r-devel-linux-x86_64-fedora-gcc | 1.2-11 | 40.39 | NOTE | |||
r-devel-windows-ix86+x86_64 | 1.2-11 | 22.00 | 41.00 | 63.00 | NOTE | |
r-patched-linux-x86_64 | 1.2-11 | 4.15 | 31.26 | 35.41 | NOTE | |
r-patched-solaris-x86 | 1.2-11 | 62.30 | NOTE | |||
r-release-linux-x86_64 | 1.2-11 | 4.44 | 31.02 | 35.46 | NOTE | |
r-release-windows-ix86+x86_64 | 1.2-11 | 24.00 | 39.00 | 63.00 | NOTE | |
r-release-osx-x86_64 | 1.2-11 | NOTE | ||||
r-oldrel-windows-ix86+x86_64 | 1.2-11 | 14.00 | 42.00 | 56.00 | NOTE | |
r-oldrel-osx-x86_64 | 1.2-11 | NOTE |
Version: 1.2-11
Check: DESCRIPTION meta-information
Result: NOTE
Malformed Description field: should contain one or more complete sentences.
Flavors: r-devel-linux-x86_64-debian-clang, r-devel-linux-x86_64-debian-gcc, r-devel-linux-x86_64-fedora-clang, r-devel-linux-x86_64-fedora-gcc, r-devel-windows-ix86+x86_64, r-patched-linux-x86_64, r-patched-solaris-x86, r-release-linux-x86_64, r-release-windows-ix86+x86_64, r-release-osx-x86_64, r-oldrel-windows-ix86+x86_64, r-oldrel-osx-x86_64
Version: 1.2-11
Check: installed package size
Result: NOTE
installed size is 5.2Mb
sub-directories of 1Mb or more:
tklibs 4.9Mb
Flavors: r-devel-linux-x86_64-fedora-clang, r-release-osx-x86_64