CRAN Package Check Results for Package tesseract

Last updated on 2018-07-17 01:47:27 CEST.

Flavor Version Tinstall Tcheck Ttotal Status Flags
r-devel-linux-x86_64-debian-clang 2.2 18.46 85.53 103.99 OK
r-devel-linux-x86_64-debian-gcc 2.2 15.43 374.80 390.23 OK
r-devel-linux-x86_64-fedora-clang 2.2 93.31 OK
r-devel-linux-x86_64-fedora-gcc 2.2 91.66 OK
r-devel-windows-ix86+x86_64 2.2 123.00 161.00 284.00 NOTE
r-patched-linux-x86_64 2.2 17.56 357.59 375.15 OK
r-release-linux-x86_64 2.2 17.83 361.38 379.21 OK
r-release-windows-ix86+x86_64 2.2 121.00 192.00 313.00 NOTE
r-release-osx-x86_64 2.2 NOTE
r-oldrel-windows-ix86+x86_64 2.2 99.00 153.00 252.00 NOTE
r-oldrel-osx-x86_64 2.2 NOTE

Check Details

Version: 2.2
Check: installed package size
Result: NOTE
     installed size is 45.1Mb
     sub-directories of 1Mb or more:
     libs 13.2Mb
     tessdata 31.0Mb
Flavors: r-devel-windows-ix86+x86_64, r-release-windows-ix86+x86_64, r-release-osx-x86_64, r-oldrel-windows-ix86+x86_64, r-oldrel-osx-x86_64