CRAN Package Check Results for Package theseus

Last updated on 2018-07-17 01:47:27 CEST.

Flavor Version Tinstall Tcheck Ttotal Status Flags
r-devel-linux-x86_64-debian-clang 0.1.0 17.04 318.19 335.23 NOTE
r-devel-linux-x86_64-debian-gcc 0.1.0 14.01 282.08 296.09 NOTE
r-devel-linux-x86_64-fedora-clang 0.1.0 432.35 NOTE
r-devel-linux-x86_64-fedora-gcc 0.1.0 422.75 NOTE
r-devel-windows-ix86+x86_64 0.1.0 44.00 339.00 383.00 OK
r-patched-linux-x86_64 0.1.0 15.70 280.88 296.58 NOTE
r-patched-solaris-x86 0.1.0 4.00 ERROR
r-release-linux-x86_64 0.1.0 13.54 281.20 294.74 NOTE
r-release-windows-ix86+x86_64 0.1.0 40.00 369.00 409.00 OK
r-release-osx-x86_64 0.1.0 ERROR
r-oldrel-windows-ix86+x86_64 0.1.0 28.00 252.00 280.00 OK
r-oldrel-osx-x86_64 0.1.0 NOTE

Check Details

Version: 0.1.0
Check: Rd cross-references
Result: NOTE
    Package unavailable to check Rd xrefs: ‘dada2’
Flavors: r-devel-linux-x86_64-debian-clang, r-devel-linux-x86_64-debian-gcc, r-devel-linux-x86_64-fedora-clang, r-devel-linux-x86_64-fedora-gcc, r-patched-linux-x86_64, r-release-linux-x86_64, r-oldrel-osx-x86_64

Version: 0.1.0
Check: dependencies in R code
Result: NOTE
    Namespaces in Imports field not imported from:
     ‘gridExtra’ ‘splancs’ ‘tidyverse’
     All declared Imports should be used.
Flavors: r-devel-linux-x86_64-fedora-clang, r-devel-linux-x86_64-fedora-gcc, r-oldrel-osx-x86_64

Version: 0.1.0
Check: package dependencies
Result: ERROR
    Package required but not available: ‘phyloseq’
    
    See section ‘The DESCRIPTION file’ in the ‘Writing R Extensions’
    manual.
Flavor: r-patched-solaris-x86

Version: 0.1.0
Check: package dependencies
Result: ERROR
    Package required but not available: ‘ShortRead’
    
    See section ‘The DESCRIPTION file’ in the ‘Writing R Extensions’
    manual.
Flavor: r-release-osx-x86_64