Last updated on 2018-07-17 01:47:27 CEST.
Flavor | Version | Tinstall | Tcheck | Ttotal | Status | Flags |
---|---|---|---|---|---|---|
r-devel-linux-x86_64-debian-clang | 0.3 | 18.44 | 20.92 | 39.36 | NOTE | |
r-devel-linux-x86_64-debian-gcc | 0.3 | 15.65 | 18.19 | 33.84 | NOTE | |
r-devel-linux-x86_64-fedora-clang | 0.3 | 54.10 | NOTE | |||
r-devel-linux-x86_64-fedora-gcc | 0.3 | 54.82 | NOTE | |||
r-devel-windows-ix86+x86_64 | 0.3 | 59.00 | 69.00 | 128.00 | OK | |
r-patched-linux-x86_64 | 0.3 | 20.23 | 20.63 | 40.86 | NOTE | |
r-patched-solaris-x86 | 0.3 | 65.00 | OK | |||
r-release-linux-x86_64 | 0.3 | 17.55 | 20.55 | 38.10 | NOTE | |
r-release-windows-ix86+x86_64 | 0.3 | 56.00 | 73.00 | 129.00 | OK | |
r-release-osx-x86_64 | 0.3 | OK | ||||
r-oldrel-windows-ix86+x86_64 | 0.3 | 43.00 | 66.00 | 109.00 | OK | |
r-oldrel-osx-x86_64 | 0.3 | OK |
Version: 0.3
Check: compiled code
Result: NOTE
File ‘tmg/libs/tmg.so’:
Found no calls to: ‘R_registerRoutines’, ‘R_useDynamicSymbols’
It is good practice to register native routines and to disable symbol
search.
See ‘Writing portable packages’ in the ‘Writing R Extensions’ manual.
Flavors: r-devel-linux-x86_64-debian-clang, r-devel-linux-x86_64-debian-gcc, r-devel-linux-x86_64-fedora-clang, r-devel-linux-x86_64-fedora-gcc, r-patched-linux-x86_64, r-release-linux-x86_64