Last updated on 2018-07-17 01:47:28 CEST.
Flavor | Version | Tinstall | Tcheck | Ttotal | Status | Flags |
---|---|---|---|---|---|---|
r-devel-linux-x86_64-debian-clang | 0.2-7 | 9.46 | 119.71 | 129.17 | NOTE | |
r-devel-linux-x86_64-debian-gcc | 0.2-7 | 8.47 | 100.62 | 109.09 | NOTE | |
r-devel-linux-x86_64-fedora-clang | 0.2-7 | 172.27 | NOTE | |||
r-devel-linux-x86_64-fedora-gcc | 0.2-7 | 173.82 | NOTE | |||
r-devel-windows-ix86+x86_64 | 0.2-7 | 41.00 | 103.00 | 144.00 | WARN | |
r-patched-linux-x86_64 | 0.2-7 | 10.00 | 127.64 | 137.64 | NOTE | |
r-patched-solaris-x86 | 0.2-7 | 333.10 | NOTE | |||
r-release-linux-x86_64 | 0.2-7 | 9.39 | 131.91 | 141.30 | NOTE | |
r-release-windows-ix86+x86_64 | 0.2-7 | 45.00 | 233.00 | 278.00 | NOTE | |
r-release-osx-x86_64 | 0.2-7 | NOTE | ||||
r-oldrel-windows-ix86+x86_64 | 0.2-7 | 31.00 | 187.00 | 218.00 | OK | |
r-oldrel-osx-x86_64 | 0.2-7 | NOTE |
Version: 0.2-7
Check: package dependencies
Result: NOTE
Package suggested but not available for checking: ‘corpus.JSS.papers’
Flavors: r-devel-linux-x86_64-debian-clang, r-devel-linux-x86_64-debian-gcc, r-devel-linux-x86_64-fedora-clang, r-devel-linux-x86_64-fedora-gcc, r-devel-windows-ix86+x86_64, r-patched-linux-x86_64, r-patched-solaris-x86, r-release-linux-x86_64, r-release-windows-ix86+x86_64, r-release-osx-x86_64, r-oldrel-osx-x86_64
Version: 0.2-7
Check: re-building of vignette outputs
Result: WARN
Error in re-building vignettes:
...
Warning: package 'corpus.JSS.papers' is not available (for R Under development)
Error: processing vignette 'topicmodels.Rnw' failed with diagnostics:
chunk 6
Error in find.package(package, lib.loc, verbose = verbose) :
there is no package called 'corpus.JSS.papers'
Execution halted
Flavor: r-devel-windows-ix86+x86_64