CRAN Package Check Results for Package trackeR

Last updated on 2018-07-17 01:47:28 CEST.

Flavor Version Tinstall Tcheck Ttotal Status Flags
r-devel-linux-x86_64-debian-clang 1.0.0 6.12 232.75 238.87 OK
r-devel-linux-x86_64-debian-gcc 1.0.0 4.94 190.91 195.85 OK
r-devel-linux-x86_64-fedora-clang 1.0.0 305.66 NOTE
r-devel-linux-x86_64-fedora-gcc 1.0.0 298.09 OK
r-devel-windows-ix86+x86_64 1.0.0 16.00 291.00 307.00 WARN
r-patched-linux-x86_64 1.0.0 7.12 240.73 247.85 OK
r-patched-solaris-x86 1.0.0 253.30 WARN
r-release-linux-x86_64 1.0.0 4.55 238.84 243.39 OK
r-release-windows-ix86+x86_64 1.0.0 17.00 353.00 370.00 NOTE
r-release-osx-x86_64 1.0.0 NOTE
r-oldrel-windows-ix86+x86_64 1.0.0 11.00 400.00 411.00 NOTE
r-oldrel-osx-x86_64 1.0.0 NOTE

Check Details

Version: 1.0.0
Check: installed package size
Result: NOTE
     installed size is 5.2Mb
     sub-directories of 1Mb or more:
     data 1.2Mb
     doc 2.7Mb
Flavors: r-devel-linux-x86_64-fedora-clang, r-devel-windows-ix86+x86_64, r-patched-solaris-x86, r-release-windows-ix86+x86_64, r-release-osx-x86_64, r-oldrel-windows-ix86+x86_64, r-oldrel-osx-x86_64

Version: 1.0.0
Check: whether package can be installed
Result: WARN
    Found the following significant warnings:
     Warning: S3 methods '[.fun_list', '[.grouped_df', 'all.equal.tbl_df', 'anti_join.data.frame', 'anti_join.tbl_df', 'arrange.data.frame', 'arrange.default', 'arrange.grouped_df', 'arrange.tbl_df', 'arrange_.data.frame', 'arrange_.tbl_df', 'as.data.frame.grouped_df', 'as.data.frame.rowwise_df', 'as.data.frame.tbl_cube', 'as.data.frame.tbl_df', 'as.table.tbl_cube', 'as.tbl.data.frame', 'as.tbl.tbl', 'as.tbl_cube.array', 'as.tbl_cube.data.frame', 'as.tbl_cube.matrix', 'as.tbl_cube.table', 'as_data_frame.grouped_df', 'as_data_frame.tbl_cube', 'auto_copy.tbl_cube', 'auto_copy.tbl_df', 'cbind.grouped_df', 'collapse.data.frame', 'collect.data.frame', 'common_by.NULL', 'common_by.character', 'common_by.default', 'common_by.list', 'compute.data.frame', 'copy_to.DBIConnection', 'copy_to.src_local', 'default_missing.data.frame', 'default_missing.default', 'dim.tbl_cube', 'distinct.data.frame', 'distinct.default', 'distinct.grouped_df', 'distinct.tbl_df', 'distinct_.data.frame', 'distinct_.grouped_df', 'dist [... truncated]
Flavor: r-devel-windows-ix86+x86_64

Version: 1.0.0
Check: re-building of vignette outputs
Result: WARN
    Error in re-building vignettes:
     ...
    Warning in engine$weave(file, quiet = quiet, encoding = enc) :
     Pandoc (>= 1.12.3) and/or pandoc-citeproc not available. Falling back to R Markdown v1.
    Loading required package: zoo
    
    Attaching package: 'zoo'
    
    The following objects are masked from 'package:base':
    
     as.Date, as.Date.numeric
    
    Loading required package: ggplot2
    
    Attaching package: 'trackeR'
    
    The following object is masked from 'package:base':
    
     append
    
    Map from URL : http://maps.googleapis.com/maps/api/staticmap?center=57.157231,-2.104296&zoom=13&size=640x640&scale=2&maptype=terrain&language=en-EN&sensor=false
    Quitting from lines 96-97 (TourDetrackeR.Rmd)
    Error: processing vignette 'TourDetrackeR.Rmd' failed with diagnostics:
    there is no package called 'webshot'
    Execution halted
Flavor: r-patched-solaris-x86

Version: 1.0.0
Check: re-building of vignette outputs
Result: NOTE
    Error in re-building vignettes:
     ...
    Warning in engine$weave(file, quiet = quiet, encoding = enc) :
     Pandoc (>= 1.12.3) and/or pandoc-citeproc not available. Falling back to R Markdown v1.
    Loading required package: zoo
    
    Attaching package: 'zoo'
    
    The following objects are masked from 'package:base':
    
     as.Date, as.Date.numeric
    
    Loading required package: ggplot2
    
    Attaching package: 'trackeR'
    
    The following object is masked from 'package:base':
    
     append
    
    Map from URL : http://maps.googleapis.com/maps/api/staticmap?center=57.157231,-2.104296&zoom=13&size=640x640&scale=2&maptype=terrain&language=en-EN&sensor=false
    Quitting from lines 96-97 (TourDetrackeR.Rmd)
    Error: processing vignette 'TourDetrackeR.Rmd' failed with diagnostics:
    cannot open the connection
    Execution halted
Flavors: r-release-osx-x86_64, r-oldrel-osx-x86_64