Last updated on 2018-07-17 01:47:28 CEST.
Flavor | Version | Tinstall | Tcheck | Ttotal | Status | Flags |
---|---|---|---|---|---|---|
r-devel-linux-x86_64-debian-clang | 0.1-4 | 7.63 | 79.88 | 87.51 | OK | |
r-devel-linux-x86_64-debian-gcc | 0.1-4 | 6.23 | 71.35 | 77.58 | OK | |
r-devel-linux-x86_64-fedora-clang | 0.1-4 | 115.47 | OK | |||
r-devel-linux-x86_64-fedora-gcc | 0.1-4 | 113.84 | OK | |||
r-devel-windows-ix86+x86_64 | 0.1-4 | 16.00 | 105.00 | 121.00 | OK | |
r-patched-linux-x86_64 | 0.1-4 | 7.60 | 77.88 | 85.48 | OK | |
r-patched-solaris-x86 | 0.1-4 | 135.70 | OK | |||
r-release-linux-x86_64 | 0.1-4 | 7.82 | 77.61 | 85.43 | OK | |
r-release-windows-ix86+x86_64 | 0.1-4 | 13.00 | 144.00 | 157.00 | OK | |
r-release-osx-x86_64 | 0.1-4 | OK | ||||
r-oldrel-windows-ix86+x86_64 | 0.1-4 | 6.00 | 130.00 | 136.00 | OK | |
r-oldrel-osx-x86_64 | 0.1-4 | ERROR |
Version: 0.1-4
Check: package dependencies
Result: NOTE
Packages suggested but not available for checking:
‘rgdal’ ‘rgeos’ ‘OpenStreetMap’
Flavor: r-oldrel-osx-x86_64
Version: 0.1-4
Check: Rd cross-references
Result: NOTE
Package unavailable to check Rd xrefs: ‘rgeos’
Flavor: r-oldrel-osx-x86_64
Version: 0.1-4
Check: tests
Result: ERROR
Running ‘tracks.R’ [2s/3s]
Running the tests in ‘tests/tracks.R’ failed.
Complete output:
> Sys.setenv(TZ = "Europe/Berlin")
> # Load required libraries.
>
> library(sp)
> library(spacetime)
> library(trajectories)
> library(rgdal)
Error in library(rgdal) : there is no package called 'rgdal'
Execution halted
Flavor: r-oldrel-osx-x86_64