Last updated on 2018-07-17 01:47:28 CEST.
Flavor | Version | Tinstall | Tcheck | Ttotal | Status | Flags |
---|---|---|---|---|---|---|
r-devel-linux-x86_64-debian-clang | 0.1.0 | 1.19 | 22.89 | 24.08 | OK | |
r-devel-linux-x86_64-debian-gcc | 0.1.0 | 0.92 | 20.30 | 21.22 | OK | |
r-devel-linux-x86_64-fedora-clang | 0.1.0 | 32.09 | OK | |||
r-devel-linux-x86_64-fedora-gcc | 0.1.0 | 31.19 | OK | |||
r-devel-windows-ix86+x86_64 | 0.1.0 | 5.00 | 41.00 | 46.00 | OK | |
r-patched-linux-x86_64 | 0.1.0 | 1.07 | 24.28 | 25.35 | OK | |
r-patched-solaris-x86 | 0.1.0 | 46.60 | OK | |||
r-release-linux-x86_64 | 0.1.0 | 0.89 | 24.42 | 25.31 | OK | |
r-release-windows-ix86+x86_64 | 0.1.0 | 4.00 | 55.00 | 59.00 | OK | |
r-release-osx-x86_64 | 0.1.0 | OK | ||||
r-oldrel-windows-ix86+x86_64 | 0.1.0 | 3.00 | 58.00 | 61.00 | OK | |
r-oldrel-osx-x86_64 | 0.1.0 | WARN |
Version: 0.1.0
Check: re-building of vignette outputs
Result: WARN
Error in re-building vignettes:
...
Error: processing vignette 'tsdisagg2manual.ltx' failed with diagnostics:
Running 'texi2dvi' on 'tsdisagg2manual.ltx' failed.
LaTeX errors:
! LaTeX Error: File `relsize.sty' not found.
Type X to quit or <RETURN> to proceed,
or enter new name. (Default extension: sty)
! Emergency stop.
<read *>
l.16 \usepackage
{enumerate}^^M
! ==> Fatal error occurred, no output PDF file produced!
Execution halted
Flavor: r-oldrel-osx-x86_64