Last updated on 2018-07-17 01:47:28 CEST.
Flavor | Version | Tinstall | Tcheck | Ttotal | Status | Flags |
---|---|---|---|---|---|---|
r-devel-linux-x86_64-debian-clang | 0.1.2 | 3.58 | 45.40 | 48.98 | OK | |
r-devel-linux-x86_64-debian-gcc | 0.1.2 | 2.86 | 39.08 | 41.94 | OK | |
r-devel-linux-x86_64-fedora-clang | 0.1.2 | 60.54 | OK | |||
r-devel-linux-x86_64-fedora-gcc | 0.1.2 | 58.95 | OK | |||
r-devel-windows-ix86+x86_64 | 0.1.2 | 16.00 | 89.00 | 105.00 | OK | |
r-patched-linux-x86_64 | 0.1.2 | 2.94 | 43.05 | 45.99 | OK | |
r-patched-solaris-x86 | 0.1.2 | 3.10 | ERROR | |||
r-release-linux-x86_64 | 0.1.2 | 3.81 | 43.07 | 46.88 | OK | |
r-release-windows-ix86+x86_64 | 0.1.2 | 12.00 | 85.00 | 97.00 | OK | |
r-release-osx-x86_64 | 0.1.2 | ERROR | ||||
r-oldrel-windows-ix86+x86_64 | 0.1.2 | 7.00 | 84.00 | 91.00 | OK | |
r-oldrel-osx-x86_64 | 0.1.2 | ERROR |
Version: 0.1.2
Check: package dependencies
Result: ERROR
Package required but not available: ‘ChemmineR’
See section ‘The DESCRIPTION file’ in the ‘Writing R Extensions’
manual.
Flavors: r-patched-solaris-x86, r-release-osx-x86_64, r-oldrel-osx-x86_64