Last updated on 2018-07-17 01:47:28 CEST.
Flavor | Version | Tinstall | Tcheck | Ttotal | Status | Flags |
---|---|---|---|---|---|---|
r-devel-linux-x86_64-debian-clang | 1.1-4 | 1.78 | 17.88 | 19.66 | NOTE | |
r-devel-linux-x86_64-debian-gcc | 1.1-4 | 1.29 | 15.60 | 16.89 | NOTE | |
r-devel-linux-x86_64-fedora-clang | 1.1-4 | 24.44 | NOTE | |||
r-devel-linux-x86_64-fedora-gcc | 1.1-4 | 23.15 | NOTE | |||
r-devel-windows-ix86+x86_64 | 1.1-4 | 10.00 | 43.00 | 53.00 | OK | |
r-patched-linux-x86_64 | 1.1-4 | 1.65 | 18.72 | 20.37 | NOTE | |
r-patched-solaris-x86 | 1.1-4 | 36.90 | OK | |||
r-release-linux-x86_64 | 1.1-4 | 1.32 | 18.61 | 19.93 | NOTE | |
r-release-windows-ix86+x86_64 | 1.1-4 | 11.00 | 36.00 | 47.00 | OK | |
r-release-osx-x86_64 | 1.1-4 | OK | ||||
r-oldrel-windows-ix86+x86_64 | 1.1-4 | 6.00 | 30.00 | 36.00 | OK | |
r-oldrel-osx-x86_64 | 1.1-4 | OK |
Version: 1.1-4
Check: compiled code
Result: NOTE
File ‘ucminf/libs/ucminf.so’:
Found no calls to: ‘R_registerRoutines’, ‘R_useDynamicSymbols’
It is good practice to register native routines and to disable symbol
search.
See ‘Writing portable packages’ in the ‘Writing R Extensions’ manual.
Flavors: r-devel-linux-x86_64-debian-clang, r-devel-linux-x86_64-debian-gcc, r-devel-linux-x86_64-fedora-clang, r-devel-linux-x86_64-fedora-gcc, r-patched-linux-x86_64, r-release-linux-x86_64