CRAN Package Check Results for Package urca

Last updated on 2018-07-17 01:47:28 CEST.

Flavor Version Tinstall Tcheck Ttotal Status Flags
r-devel-linux-x86_64-debian-clang 1.3-0 7.29 44.13 51.42 NOTE
r-devel-linux-x86_64-debian-gcc 1.3-0 6.19 38.91 45.10 NOTE
r-devel-linux-x86_64-fedora-clang 1.3-0 64.28 NOTE
r-devel-linux-x86_64-fedora-gcc 1.3-0 60.37 NOTE
r-devel-windows-ix86+x86_64 1.3-0 20.00 72.00 92.00 OK
r-patched-linux-x86_64 1.3-0 6.91 47.33 54.24 NOTE
r-patched-solaris-x86 1.3-0 88.60 OK
r-release-linux-x86_64 1.3-0 7.37 46.88 54.25 NOTE
r-release-windows-ix86+x86_64 1.3-0 22.00 94.00 116.00 OK
r-release-osx-x86_64 1.3-0 OK
r-oldrel-windows-ix86+x86_64 1.3-0 10.00 103.00 113.00 OK
r-oldrel-osx-x86_64 1.3-0 OK

Check Details

Version: 1.3-0
Check: compiled code
Result: NOTE
    File ‘urca/libs/urca.so’:
     Found no calls to: ‘R_registerRoutines’, ‘R_useDynamicSymbols’
    
    It is good practice to register native routines and to disable symbol
    search.
    
    See ‘Writing portable packages’ in the ‘Writing R Extensions’ manual.
Flavors: r-devel-linux-x86_64-debian-clang, r-devel-linux-x86_64-debian-gcc, r-devel-linux-x86_64-fedora-clang, r-devel-linux-x86_64-fedora-gcc, r-patched-linux-x86_64, r-release-linux-x86_64