Last updated on 2018-07-17 01:47:29 CEST.
Flavor | Version | Tinstall | Tcheck | Ttotal | Status | Flags |
---|---|---|---|---|---|---|
r-devel-linux-x86_64-debian-clang | 0.1.0 | 1.59 | 26.19 | 27.78 | OK | |
r-devel-linux-x86_64-debian-gcc | 0.1.0 | 1.30 | 22.74 | 24.04 | OK | |
r-devel-linux-x86_64-fedora-clang | 0.1.0 | 34.74 | NOTE | |||
r-devel-linux-x86_64-fedora-gcc | 0.1.0 | 32.88 | NOTE | |||
r-devel-windows-ix86+x86_64 | 0.1.0 | 6.00 | 42.00 | 48.00 | OK | |
r-patched-linux-x86_64 | 0.1.0 | 1.73 | 26.74 | 28.47 | OK | |
r-patched-solaris-x86 | 0.1.0 | 60.90 | NOTE | |||
r-release-linux-x86_64 | 0.1.0 | 1.17 | 26.64 | 27.81 | OK | |
r-release-windows-ix86+x86_64 | 0.1.0 | 5.00 | 52.00 | 57.00 | OK | |
r-release-osx-x86_64 | 0.1.0 | NOTE | ||||
r-oldrel-windows-ix86+x86_64 | 0.1.0 | 3.00 | 39.00 | 42.00 | OK | |
r-oldrel-osx-x86_64 | 0.1.0 | NOTE |
Version: 0.1.0
Check: dependencies in R code
Result: NOTE
Namespace in Imports field not imported from: ‘pander’
All declared Imports should be used.
Flavors: r-devel-linux-x86_64-fedora-clang, r-devel-linux-x86_64-fedora-gcc, r-patched-solaris-x86, r-release-osx-x86_64, r-oldrel-osx-x86_64