Last updated on 2018-07-17 01:47:29 CEST.
Flavor | Version | Tinstall | Tcheck | Ttotal | Status | Flags |
---|---|---|---|---|---|---|
r-devel-linux-x86_64-debian-clang | 0.1.0 | 1.46 | 34.68 | 36.14 | OK | |
r-devel-linux-x86_64-debian-gcc | 0.1.0 | 1.19 | 29.69 | 30.88 | OK | |
r-devel-linux-x86_64-fedora-clang | 0.1.0 | 44.77 | NOTE | |||
r-devel-linux-x86_64-fedora-gcc | 0.1.0 | 42.11 | NOTE | |||
r-devel-windows-ix86+x86_64 | 0.1.0 | 5.00 | 70.00 | 75.00 | OK | |
r-patched-linux-x86_64 | 0.1.0 | 1.15 | 33.99 | 35.14 | OK | |
r-patched-solaris-x86 | 0.1.0 | 66.30 | NOTE | |||
r-release-linux-x86_64 | 0.1.0 | 1.55 | 33.26 | 34.81 | OK | |
r-release-windows-ix86+x86_64 | 0.1.0 | 4.00 | 60.00 | 64.00 | OK | |
r-release-osx-x86_64 | 0.1.0 | NOTE | ||||
r-oldrel-windows-ix86+x86_64 | 0.1.0 | 4.00 | 56.00 | 60.00 | OK | |
r-oldrel-osx-x86_64 | 0.1.0 | NOTE |
Version: 0.1.0
Check: dependencies in R code
Result: NOTE
Namespaces in Imports field not imported from:
‘dplyr’ ‘magrittr’ ‘tidyr’
All declared Imports should be used.
Flavors: r-devel-linux-x86_64-fedora-clang, r-devel-linux-x86_64-fedora-gcc, r-patched-solaris-x86, r-release-osx-x86_64, r-oldrel-osx-x86_64