CRAN Package Check Results for Package visdat

Last updated on 2018-07-17 01:47:29 CEST.

Flavor Version Tinstall Tcheck Ttotal Status Flags
r-devel-linux-x86_64-debian-clang 0.5.1 2.02 67.75 69.77 OK
r-devel-linux-x86_64-debian-gcc 0.5.1 1.54 55.99 57.53 OK
r-devel-linux-x86_64-fedora-clang 0.5.1 91.05 NOTE
r-devel-linux-x86_64-fedora-gcc 0.5.1 85.99 NOTE
r-devel-windows-ix86+x86_64 0.5.1 6.00 97.00 103.00 OK
r-patched-linux-x86_64 0.5.1 1.84 71.10 72.94 OK
r-patched-solaris-x86 0.5.1 137.70 NOTE
r-release-linux-x86_64 0.5.1 1.83 71.87 73.70 OK
r-release-windows-ix86+x86_64 0.5.1 7.00 118.00 125.00 OK
r-release-osx-x86_64 0.5.1 NOTE
r-oldrel-windows-ix86+x86_64 0.5.1 5.00 130.00 135.00 OK
r-oldrel-osx-x86_64 0.5.1 NOTE

Check Details

Version: 0.5.1
Check: dependencies in R code
Result: NOTE
    Namespaces in Imports field not imported from:
     ‘plotly’ ‘rlang’
     All declared Imports should be used.
Flavors: r-devel-linux-x86_64-fedora-clang, r-devel-linux-x86_64-fedora-gcc, r-patched-solaris-x86, r-release-osx-x86_64, r-oldrel-osx-x86_64