CRAN Package Check Results for Package vosonSML

Last updated on 2018-07-17 01:47:29 CEST.

Flavor Version Tinstall Tcheck Ttotal Status Flags
r-devel-linux-x86_64-debian-clang 0.23.4 30.65 101.78 132.43 OK
r-devel-linux-x86_64-debian-gcc 0.23.4 23.55 87.76 111.31 OK
r-devel-linux-x86_64-fedora-clang 0.23.4 162.55 OK
r-devel-linux-x86_64-fedora-gcc 0.23.4 161.40 OK
r-devel-windows-ix86+x86_64 0.23.4 51.00 160.00 211.00 OK
r-patched-linux-x86_64 0.23.4 27.46 94.26 121.72 OK
r-patched-solaris-x86 0.23.4 206.00 OK
r-release-linux-x86_64 0.23.4 26.47 93.50 119.97 OK
r-release-windows-ix86+x86_64 0.23.4 48.00 146.00 194.00 WARN
r-release-osx-x86_64 0.23.4 OK
r-oldrel-windows-ix86+x86_64 0.23.4 15.00 150.00 165.00 OK
r-oldrel-osx-x86_64 0.23.4 OK

Check Details

Version: 0.23.4
Check: whether package can be installed
Result: WARN
    Found the following significant warnings:
     Warning: S3 methods '[.fun_list', '[.grouped_df', 'all.equal.tbl_df', 'anti_join.data.frame', 'anti_join.tbl_df', 'arrange.data.frame', 'arrange.default', 'arrange.grouped_df', 'arrange.tbl_df', 'arrange_.data.frame', 'arrange_.tbl_df', 'as.data.frame.grouped_df', 'as.data.frame.rowwise_df', 'as.data.frame.tbl_cube', 'as.data.frame.tbl_df', 'as.table.tbl_cube', 'as.tbl.data.frame', 'as.tbl.tbl', 'as.tbl_cube.array', 'as.tbl_cube.data.frame', 'as.tbl_cube.matrix', 'as.tbl_cube.table', 'as_data_frame.grouped_df', 'as_data_frame.tbl_cube', 'auto_copy.tbl_cube', 'auto_copy.tbl_df', 'cbind.grouped_df', 'collapse.data.frame', 'collect.data.frame', 'common_by.NULL', 'common_by.character', 'common_by.default', 'common_by.list', 'compute.data.frame', 'copy_to.DBIConnection', 'copy_to.src_local', 'default_missing.data.frame', 'default_missing.default', 'dim.tbl_cube', 'distinct.data.frame', 'distinct.default', 'distinct.grouped_df', 'distinct.tbl_df', 'distinct_.data.frame', 'distinct_.grouped_df', 'dist [... truncated]
Flavor: r-release-windows-ix86+x86_64