CRAN Package Check Results for Package wbstats

Last updated on 2018-07-17 01:47:29 CEST.

Flavor Version Tinstall Tcheck Ttotal Status Flags
r-devel-linux-x86_64-debian-clang 0.2 2.07 37.04 39.11 OK
r-devel-linux-x86_64-debian-gcc 0.2 1.80 33.19 34.99 OK
r-devel-linux-x86_64-fedora-clang 0.2 52.02 NOTE
r-devel-linux-x86_64-fedora-gcc 0.2 49.71 NOTE
r-devel-windows-ix86+x86_64 0.2 6.00 98.00 104.00 OK
r-patched-linux-x86_64 0.2 1.76 41.94 43.70 OK
r-patched-solaris-x86 0.2 81.00 NOTE
r-release-linux-x86_64 0.2 1.87 41.75 43.62 OK
r-release-windows-ix86+x86_64 0.2 5.00 125.00 130.00 OK
r-release-osx-x86_64 0.2 NOTE
r-oldrel-windows-ix86+x86_64 0.2 4.00 119.00 123.00 OK
r-oldrel-osx-x86_64 0.2 NOTE

Check Details

Version: 0.2
Check: data for non-ASCII characters
Result: NOTE
     Note: found 1528 marked UTF-8 strings
Flavors: r-devel-linux-x86_64-fedora-clang, r-devel-linux-x86_64-fedora-gcc, r-patched-solaris-x86, r-release-osx-x86_64, r-oldrel-osx-x86_64