Last updated on 2018-07-17 01:47:29 CEST.
Flavor | Version | Tinstall | Tcheck | Ttotal | Status | Flags |
---|---|---|---|---|---|---|
r-devel-linux-x86_64-debian-clang | 1.1.2 | 1.68 | 17.30 | 18.98 | OK | |
r-devel-linux-x86_64-debian-gcc | 1.1.2 | 1.46 | 16.04 | 17.50 | OK | |
r-devel-linux-x86_64-fedora-clang | 1.1.2 | 24.97 | OK | |||
r-devel-linux-x86_64-fedora-gcc | 1.1.2 | 24.35 | OK | |||
r-devel-windows-ix86+x86_64 | 1.1.2 | 4.00 | 31.00 | 35.00 | OK | |
r-patched-linux-x86_64 | 1.1.2 | 2.03 | 18.93 | 20.96 | NOTE | |
r-patched-solaris-x86 | 1.1.2 | 40.30 | OK | |||
r-release-linux-x86_64 | 1.1.2 | 1.25 | 19.19 | 20.44 | NOTE | |
r-release-windows-ix86+x86_64 | 1.1.2 | 5.00 | 46.00 | 51.00 | OK | |
r-release-osx-x86_64 | 1.1.2 | OK | ||||
r-oldrel-windows-ix86+x86_64 | 1.1.2 | 2.00 | 40.00 | 42.00 | OK | |
r-oldrel-osx-x86_64 | 1.1.2 | OK |
Version: 1.1.2
Check: DESCRIPTION meta-information
Result: NOTE
Dependence on R version ‘3.3.3’ not with patchlevel 0
Flavors: r-patched-linux-x86_64, r-release-linux-x86_64