Last updated on 2018-07-17 01:47:29 CEST.
Flavor | Version | Tinstall | Tcheck | Ttotal | Status | Flags |
---|---|---|---|---|---|---|
r-devel-linux-x86_64-debian-clang | 0.0.1 | 2.53 | 29.05 | 31.58 | OK | |
r-devel-linux-x86_64-debian-gcc | 0.0.1 | 2.11 | 25.20 | 27.31 | OK | |
r-devel-linux-x86_64-fedora-clang | 0.0.1 | 39.08 | NOTE | |||
r-devel-linux-x86_64-fedora-gcc | 0.0.1 | 37.99 | NOTE | |||
r-devel-windows-ix86+x86_64 | 0.0.1 | 7.00 | 72.00 | 79.00 | OK | |
r-patched-linux-x86_64 | 0.0.1 | 2.26 | 28.44 | 30.70 | NOTE | |
r-patched-solaris-x86 | 0.0.1 | 63.30 | NOTE | |||
r-release-linux-x86_64 | 0.0.1 | 2.32 | 28.52 | 30.84 | NOTE | |
r-release-windows-ix86+x86_64 | 0.0.1 | 8.00 | 65.00 | 73.00 | OK | |
r-release-osx-x86_64 | 0.0.1 | NOTE | ||||
r-oldrel-windows-ix86+x86_64 | 0.0.1 | 6.00 | 70.00 | 76.00 | OK | |
r-oldrel-osx-x86_64 | 0.0.1 | NOTE |
Version: 0.0.1
Check: data for non-ASCII characters
Result: NOTE
Note: found 63 marked UTF-8 strings
Flavors: r-devel-linux-x86_64-fedora-clang, r-devel-linux-x86_64-fedora-gcc, r-patched-solaris-x86, r-release-osx-x86_64, r-oldrel-osx-x86_64
Version: 0.0.1
Check: DESCRIPTION meta-information
Result: NOTE
Dependence on R version ‘3.3.2’ not with patchlevel 0
Flavors: r-patched-linux-x86_64, r-release-linux-x86_64