Last updated on 2018-07-17 01:47:29 CEST.
Flavor | Version | Tinstall | Tcheck | Ttotal | Status | Flags |
---|---|---|---|---|---|---|
r-devel-linux-x86_64-debian-clang | 0.2.1 | 5.53 | 141.34 | 146.87 | NOTE | |
r-devel-linux-x86_64-debian-gcc | 0.2.1 | 4.76 | 111.90 | 116.66 | NOTE | |
r-devel-linux-x86_64-fedora-clang | 0.2.1 | 200.00 | NOTE | |||
r-devel-linux-x86_64-fedora-gcc | 0.2.1 | 194.36 | NOTE | |||
r-devel-windows-ix86+x86_64 | 0.2.1 | 15.00 | 190.00 | 205.00 | OK | |
r-patched-linux-x86_64 | 0.2.1 | 5.22 | 140.50 | 145.72 | NOTE | |
r-patched-solaris-x86 | 0.2.1 | 272.80 | OK | |||
r-release-linux-x86_64 | 0.2.1 | 5.90 | 144.68 | 150.58 | NOTE | |
r-release-windows-ix86+x86_64 | 0.2.1 | 14.00 | 239.00 | 253.00 | OK | |
r-release-osx-x86_64 | 0.2.1 | OK | ||||
r-oldrel-windows-ix86+x86_64 | 0.2.1 | 8.00 | 252.00 | 260.00 | OK | |
r-oldrel-osx-x86_64 | 0.2.1 | OK |
Version: 0.2.1
Check: compiled code
Result: NOTE
File ‘xseq/libs/xseq.so’:
Found no call to: ‘R_useDynamicSymbols’
It is good practice to register native routines and to disable symbol
search.
See ‘Writing portable packages’ in the ‘Writing R Extensions’ manual.
Flavors: r-devel-linux-x86_64-debian-clang, r-devel-linux-x86_64-debian-gcc, r-devel-linux-x86_64-fedora-clang, r-devel-linux-x86_64-fedora-gcc, r-patched-linux-x86_64, r-release-linux-x86_64