Last updated on 2018-07-17 01:47:29 CEST.
Flavor | Version | Tinstall | Tcheck | Ttotal | Status | Flags |
---|---|---|---|---|---|---|
r-devel-linux-x86_64-debian-clang | 1.8-2 | 1.95 | 50.03 | 51.98 | OK | |
r-devel-linux-x86_64-debian-gcc | 1.8-2 | 1.74 | 44.52 | 46.26 | OK | |
r-devel-linux-x86_64-fedora-clang | 1.8-2 | 71.58 | OK | |||
r-devel-linux-x86_64-fedora-gcc | 1.8-2 | 68.81 | OK | |||
r-devel-windows-ix86+x86_64 | 1.8-2 | 9.00 | 114.00 | 123.00 | OK | |
r-patched-linux-x86_64 | 1.8-2 | 1.76 | 53.84 | 55.60 | OK | |
r-patched-solaris-x86 | 1.8-2 | 101.00 | OK | |||
r-release-linux-x86_64 | 1.8-2 | 1.87 | 54.30 | 56.17 | OK | |
r-release-windows-ix86+x86_64 | 1.8-2 | 7.00 | 106.00 | 113.00 | OK | |
r-release-osx-x86_64 | 1.8-2 | OK | ||||
r-oldrel-windows-ix86+x86_64 | 1.8-2 | 4.00 | 86.00 | 90.00 | OK | |
r-oldrel-osx-x86_64 | 1.8-2 | WARN |
Version: 1.8-2
Check: re-building of vignette outputs
Result: WARN
Error in re-building vignettes:
...
Warning: running command 'kpsewhich framed.sty' had status 1
Warning in test_latex_pkg("framed", system.file("misc", "framed.sty", package = "knitr")) :
unable to find LaTeX package 'framed'; will use a copy from knitr
Error in texi2dvi(file = file, pdf = TRUE, clean = clean, quiet = quiet, :
Running 'texi2dvi' on 'OtherPackagesGallery.tex' failed.
LaTeX errors:
! LaTeX Error: File `titlesec.sty' not found.
Type X to quit or <RETURN> to proceed,
or enter new name. (Default extension: sty)
! Emergency stop.
<read *>
l.67 \usepackage
{hyperref} % hyperref last^^M
! ==> Fatal error occurred, no output PDF file produced!
Calls: buildVignettes -> texi2pdf -> texi2dvi
Execution halted
Flavor: r-oldrel-osx-x86_64