CRAN Package Check Results for Package zeligverse

Last updated on 2018-07-17 01:47:29 CEST.

Flavor Version Tinstall Tcheck Ttotal Status Flags
r-devel-linux-x86_64-debian-clang 0.1.1 9.46 99.21 108.67 OK
r-devel-linux-x86_64-debian-gcc 0.1.1 9.44 85.72 95.16 OK
r-devel-linux-x86_64-fedora-clang 0.1.1 160.18 NOTE
r-devel-linux-x86_64-fedora-gcc 0.1.1 141.17 NOTE
r-devel-windows-ix86+x86_64 0.1.1 31.00 183.00 214.00 OK
r-patched-linux-x86_64 0.1.1 8.87 94.77 103.64 OK
r-patched-solaris-x86 0.1.1 248.00 NOTE
r-release-linux-x86_64 0.1.1 9.41 95.23 104.64 OK
r-release-windows-ix86+x86_64 0.1.1 29.00 192.00 221.00 OK
r-release-osx-x86_64 0.1.1 NOTE
r-oldrel-windows-ix86+x86_64 0.1.1 23.00 142.00 165.00 OK
r-oldrel-osx-x86_64 0.1.1 NOTE

Check Details

Version: 0.1.1
Check: dependencies in R code
Result: NOTE
    Namespaces in Imports field not imported from:
     ‘Amelia’ ‘MatchIt’ ‘WhatIf’
     All declared Imports should be used.
Flavors: r-devel-linux-x86_64-fedora-clang, r-devel-linux-x86_64-fedora-gcc, r-patched-solaris-x86, r-release-osx-x86_64, r-oldrel-osx-x86_64