CRAN Package Check Results for Package ATmet

Last updated on 2018-09-26 01:46:17 CEST.

Flavor Version Tinstall Tcheck Ttotal Status Flags
r-devel-linux-x86_64-debian-clang 1.2 5.72 72.73 78.45 NOTE
r-devel-linux-x86_64-debian-gcc 1.2 4.02 55.93 59.95 NOTE
r-devel-linux-x86_64-fedora-clang 1.2 91.20 NOTE
r-devel-linux-x86_64-fedora-gcc 1.2 92.17 NOTE
r-devel-windows-ix86+x86_64 1.2 13.00 108.00 121.00 NOTE
r-patched-linux-x86_64 1.2 4.82 61.16 65.98 NOTE
r-patched-solaris-x86 1.2 125.50 NOTE
r-release-linux-x86_64 1.2 4.59 61.57 66.16 NOTE
r-release-windows-ix86+x86_64 1.2 11.00 105.00 116.00 NOTE
r-release-osx-x86_64 1.2 NOTE
r-oldrel-windows-ix86+x86_64 1.2 7.00 99.00 106.00 NOTE
r-oldrel-osx-x86_64 1.2 NOTE

Check Details

Version: 1.2
Check: R code for possible problems
Result: NOTE
    LHSdesign: no visible global function definition for ‘qnorm’
    LHSdesign: no visible global function definition for ‘qunif’
    LHSdesign: no visible global function definition for ‘qt’
    MCdesign: no visible global function definition for ‘rnorm’
    MCdesign: no visible global function definition for ‘runif’
    MCdesign: no visible global function definition for ‘rt’
    Undefined global functions or variables:
     qnorm qt qunif rnorm rt runif
    Consider adding
     importFrom("stats", "qnorm", "qt", "qunif", "rnorm", "rt", "runif")
    to your NAMESPACE file.
Flavors: r-devel-linux-x86_64-debian-clang, r-devel-linux-x86_64-debian-gcc, r-devel-linux-x86_64-fedora-clang, r-devel-linux-x86_64-fedora-gcc, r-devel-windows-ix86+x86_64, r-patched-linux-x86_64, r-patched-solaris-x86, r-release-linux-x86_64, r-release-windows-ix86+x86_64, r-release-osx-x86_64, r-oldrel-windows-ix86+x86_64, r-oldrel-osx-x86_64