Last updated on 2018-09-26 01:46:18 CEST.
Flavor | Version | Tinstall | Tcheck | Ttotal | Status | Flags |
---|---|---|---|---|---|---|
r-devel-linux-x86_64-debian-clang | 0.3.4 | 6.21 | 168.59 | 174.80 | OK | |
r-devel-linux-x86_64-debian-gcc | 0.3.4 | 5.95 | 127.62 | 133.57 | OK | |
r-devel-linux-x86_64-fedora-clang | 0.3.4 | 206.17 | OK | |||
r-devel-linux-x86_64-fedora-gcc | 0.3.4 | 176.02 | OK | |||
r-devel-windows-ix86+x86_64 | 0.3.4 | 14.00 | 233.00 | 247.00 | OK | |
r-patched-linux-x86_64 | 0.3.4 | 6.68 | 165.54 | 172.22 | OK | |
r-patched-solaris-x86 | 0.3.4 | 251.00 | OK | |||
r-release-linux-x86_64 | 0.3.4 | 6.08 | 164.82 | 170.90 | OK | |
r-release-windows-ix86+x86_64 | 0.3.4 | 15.00 | 228.00 | 243.00 | OK | |
r-release-osx-x86_64 | 0.3.4 | OK | ||||
r-oldrel-windows-ix86+x86_64 | 0.3.4 | 4.00 | 178.00 | 182.00 | OK | |
r-oldrel-osx-x86_64 | 0.3.4 | NOTE |
Version: 0.3.4
Check: re-building of vignette outputs
Result: NOTE
Error in re-building vignettes:
...
Error in texi2dvi(file = file, pdf = TRUE, clean = clean, quiet = quiet, :
Running 'texi2dvi' on 'bms.tex' failed.
LaTeX errors:
! LaTeX Error: File `vmargin.sty' not found.
Type X to quit or <RETURN> to proceed,
or enter new name. (Default extension: sty)
! Emergency stop.
<read *>
l.7 \setpapersize
{A4}^^M
! ==> Fatal error occurred, no output PDF file produced!
Calls: buildVignettes -> texi2pdf -> texi2dvi
Execution halted
Flavor: r-oldrel-osx-x86_64