CRAN Package Check Results for Package BayesTree

Last updated on 2018-09-26 01:46:17 CEST.

Flavor Version Tinstall Tcheck Ttotal Status Flags
r-devel-linux-x86_64-debian-clang 0.3-1.4 13.30 24.44 37.74 OK
r-devel-linux-x86_64-debian-gcc 0.3-1.4 9.59 20.35 29.94 OK
r-devel-linux-x86_64-fedora-clang 0.3-1.4 56.43 NOTE
r-devel-linux-x86_64-fedora-gcc 0.3-1.4 44.81 NOTE
r-devel-windows-ix86+x86_64 0.3-1.4 41.00 72.00 113.00 OK
r-patched-linux-x86_64 0.3-1.4 13.73 23.33 37.06 OK
r-patched-solaris-x86 0.3-1.4 66.20 OK
r-release-linux-x86_64 0.3-1.4 12.74 23.73 36.47 OK
r-release-windows-ix86+x86_64 0.3-1.4 32.00 72.00 104.00 OK
r-release-osx-x86_64 0.3-1.4 OK
r-oldrel-windows-ix86+x86_64 0.3-1.4 28.00 66.00 94.00 OK
r-oldrel-osx-x86_64 0.3-1.4 OK

Check Details

Version: 0.3-1.4
Check: compiled code
Result: NOTE
    File ‘BayesTree/libs/BayesTree.so’:
     Found no calls to: ‘R_registerRoutines’, ‘R_useDynamicSymbols’
    
    It is good practice to register native routines and to disable symbol
    search.
    
    See ‘Writing portable packages’ in the ‘Writing R Extensions’ manual.
Flavors: r-devel-linux-x86_64-fedora-clang, r-devel-linux-x86_64-fedora-gcc