Last updated on 2018-09-26 01:46:22 CEST.
Flavor | Version | Tinstall | Tcheck | Ttotal | Status | Flags |
---|---|---|---|---|---|---|
r-devel-linux-x86_64-debian-clang | 5.2.3 | 102.25 | 210.38 | 312.63 | OK | |
r-devel-linux-x86_64-debian-gcc | 5.2.3 | 88.18 | 158.19 | 246.37 | OK | |
r-devel-linux-x86_64-fedora-clang | 5.2.3 | 397.64 | NOTE | |||
r-devel-linux-x86_64-fedora-gcc | 5.2.3 | 372.41 | OK | |||
r-devel-windows-ix86+x86_64 | 5.2.3 | 245.00 | 268.00 | 513.00 | NOTE | --no-vignettes |
r-patched-linux-x86_64 | 5.2.3 | 104.44 | 199.75 | 304.19 | OK | |
r-patched-solaris-x86 | 5.2.3 | 412.90 | NOTE | --no-build-vignettes | ||
r-release-linux-x86_64 | 5.2.3 | 112.17 | 201.52 | 313.69 | OK | |
r-release-windows-ix86+x86_64 | 5.2.3 | 240.00 | 368.00 | 608.00 | NOTE | --no-vignettes |
r-release-osx-x86_64 | 5.2.3 | NOTE | ||||
r-oldrel-windows-ix86+x86_64 | 5.2.3 | 148.00 | 389.00 | 537.00 | NOTE | --no-vignettes |
r-oldrel-osx-x86_64 | 5.2.3 | NOTE |
Version: 5.2.3
Check: installed package size
Result: NOTE
installed size is 8.3Mb
sub-directories of 1Mb or more:
R 1.4Mb
data 2.1Mb
libs 3.9Mb
Flavors: r-devel-linux-x86_64-fedora-clang, r-release-osx-x86_64, r-oldrel-osx-x86_64
Version: 5.2.3
Flags: --no-vignettes
Check: installed package size
Result: NOTE
installed size is 6.3Mb
sub-directories of 1Mb or more:
R 1.3Mb
data 2.1Mb
libs 2.0Mb
Flavors: r-devel-windows-ix86+x86_64, r-release-windows-ix86+x86_64, r-oldrel-windows-ix86+x86_64
Version: 5.2.3
Flags: --no-build-vignettes
Check: installed package size
Result: NOTE
installed size is 5.1Mb
sub-directories of 1Mb or more:
R 1.5Mb
data 2.1Mb
Flavor: r-patched-solaris-x86