Last updated on 2018-09-26 01:46:23 CEST.
Flavor | Version | Tinstall | Tcheck | Ttotal | Status | Flags |
---|---|---|---|---|---|---|
r-devel-linux-x86_64-debian-clang | 1.0 | 1.81 | 23.67 | 25.48 | NOTE | |
r-devel-linux-x86_64-debian-gcc | 1.0 | 1.98 | 21.80 | 23.78 | NOTE | |
r-devel-linux-x86_64-fedora-clang | 1.0 | 30.15 | NOTE | |||
r-devel-linux-x86_64-fedora-gcc | 1.0 | 28.92 | NOTE | |||
r-devel-windows-ix86+x86_64 | 1.0 | 5.00 | 52.00 | 57.00 | NOTE | |
r-patched-linux-x86_64 | 1.0 | 1.59 | 21.82 | 23.41 | NOTE | |
r-patched-solaris-x86 | 1.0 | 48.90 | NOTE | |||
r-release-linux-x86_64 | 1.0 | 1.58 | 22.16 | 23.74 | NOTE | |
r-release-windows-ix86+x86_64 | 1.0 | 4.00 | 62.00 | 66.00 | NOTE | |
r-release-osx-x86_64 | 1.0 | NOTE | ||||
r-oldrel-windows-ix86+x86_64 | 1.0 | 4.00 | 60.00 | 64.00 | NOTE | |
r-oldrel-osx-x86_64 | 1.0 | NOTE |
Version: 1.0
Check: DESCRIPTION meta-information
Result: NOTE
Malformed Title field: should not end in a period.
Flavors: r-devel-linux-x86_64-debian-clang, r-devel-linux-x86_64-debian-gcc, r-devel-linux-x86_64-fedora-clang, r-devel-linux-x86_64-fedora-gcc, r-devel-windows-ix86+x86_64, r-patched-linux-x86_64, r-patched-solaris-x86, r-release-linux-x86_64, r-release-windows-ix86+x86_64, r-release-osx-x86_64, r-oldrel-windows-ix86+x86_64, r-oldrel-osx-x86_64
Version: 1.0
Check: R code for possible problems
Result: NOTE
MARK.MCMC : Model.Creator: no visible global function definition for
‘combn’
MARK.MCMC : formula.Maker: no visible global function definition for
‘combn’
Simulate.CH: no visible global function definition for ‘rnorm’
Simulate.CH: no visible global function definition for ‘rbinom’
Undefined global functions or variables:
combn rbinom rnorm
Consider adding
importFrom("stats", "rbinom", "rnorm")
importFrom("utils", "combn")
to your NAMESPACE file.
Flavors: r-devel-linux-x86_64-debian-clang, r-devel-linux-x86_64-debian-gcc, r-devel-linux-x86_64-fedora-clang, r-devel-linux-x86_64-fedora-gcc, r-devel-windows-ix86+x86_64, r-patched-linux-x86_64, r-patched-solaris-x86, r-release-linux-x86_64, r-release-windows-ix86+x86_64, r-release-osx-x86_64, r-oldrel-windows-ix86+x86_64, r-oldrel-osx-x86_64