Last updated on 2018-09-26 01:46:24 CEST.
Flavor | Version | Tinstall | Tcheck | Ttotal | Status | Flags |
---|---|---|---|---|---|---|
r-devel-linux-x86_64-debian-clang | 2.3.1 | 49.26 | 455.38 | 504.64 | OK | |
r-devel-linux-x86_64-debian-gcc | 2.3.1 | 49.09 | 341.91 | 391.00 | OK | |
r-devel-linux-x86_64-fedora-clang | 2.3.1 | 600.18 | NOTE | |||
r-devel-linux-x86_64-fedora-gcc | 2.3.1 | 585.05 | OK | |||
r-devel-windows-ix86+x86_64 | 2.3.1 | 98.00 | 495.00 | 593.00 | NOTE | |
r-patched-linux-x86_64 | 2.3.1 | 52.60 | 446.25 | 498.85 | OK | |
r-patched-solaris-x86 | 2.3.1 | 581.50 | NOTE | |||
r-release-linux-x86_64 | 2.3.1 | 55.30 | 446.85 | 502.15 | OK | |
r-release-windows-ix86+x86_64 | 2.3.1 | 106.00 | 478.00 | 584.00 | NOTE | |
r-release-osx-x86_64 | 2.3.1 | NOTE | ||||
r-oldrel-windows-ix86+x86_64 | 2.3.1 | 27.00 | 546.00 | 573.00 | NOTE | |
r-oldrel-osx-x86_64 | 2.3.1 | NOTE |
Version: 2.3.1
Check: installed package size
Result: NOTE
installed size is 9.7Mb
sub-directories of 1Mb or more:
R 2.3Mb
doc 3.3Mb
help 3.4Mb
Flavors: r-devel-linux-x86_64-fedora-clang, r-devel-windows-ix86+x86_64, r-patched-solaris-x86, r-release-windows-ix86+x86_64, r-release-osx-x86_64, r-oldrel-windows-ix86+x86_64, r-oldrel-osx-x86_64