Last updated on 2018-09-26 01:46:25 CEST.
Flavor | Version | Tinstall | Tcheck | Ttotal | Status | Flags |
---|---|---|---|---|---|---|
r-devel-linux-x86_64-debian-clang | 3.1.1 | 40.87 | 59.54 | 100.41 | OK | |
r-devel-linux-x86_64-debian-gcc | 3.1.1 | 32.99 | 48.05 | 81.04 | OK | |
r-devel-linux-x86_64-fedora-clang | 3.1.1 | 130.47 | OK | |||
r-devel-linux-x86_64-fedora-gcc | 3.1.1 | 122.95 | OK | |||
r-devel-windows-ix86+x86_64 | 3.1.1 | 92.00 | 110.00 | 202.00 | OK | |
r-patched-linux-x86_64 | 3.1.1 | 41.83 | 56.16 | 97.99 | OK | |
r-patched-solaris-x86 | 3.1.1 | 138.80 | OK | |||
r-release-linux-x86_64 | 3.1.1 | 41.55 | 55.69 | 97.24 | OK | |
r-release-windows-ix86+x86_64 | 3.1.1 | 76.00 | 97.00 | 173.00 | OK | |
r-release-osx-x86_64 | 3.1.1 | NOTE | ||||
r-oldrel-windows-ix86+x86_64 | 3.1.1 | 75.00 | 122.00 | 197.00 | OK | |
r-oldrel-osx-x86_64 | 3.1.1 | OK |
Version: 3.1.1
Check: installed package size
Result: NOTE
installed size is 5.3Mb
sub-directories of 1Mb or more:
doc 1.3Mb
libs 3.5Mb
Flavor: r-release-osx-x86_64